{"id":9654,"date":"2025-07-28T14:06:34","date_gmt":"2025-07-28T12:06:34","guid":{"rendered":"https:\/\/www.epicerie-lasource.org\/magasin\/?post_type=product&#038;p=9654"},"modified":"2025-07-29T16:50:48","modified_gmt":"2025-07-29T14:50:48","slug":"saute-de-porc-a-la-biere-600g","status":"publish","type":"product","link":"https:\/\/www.epicerie-lasource.org\/magasin\/produit\/saute-de-porc-a-la-biere-600g\/","title":{"rendered":"Saut\u00e9 de porc \u00e0 la flamande (Bocal de 460grs)"},"content":{"rendered":"","protected":false},"excerpt":{"rendered":"<p>Saut\u00e9 de porc \u00e0 la flamande ( Bi\u00e8re)<\/p>\n<p>Conserve locale et fermi\u00e8re de 460 Grs.<\/p>\n","protected":false},"featured_media":56217,"comment_status":"open","ping_status":"closed","template":"","meta":[],"product_cat":[652,220,708],"product_tag":[],"supplier_id":24356,"supplier_sku":"","atum_controlled":true,"out_stock_date":null,"out_stock_threshold":null,"inheritable":false,"inbound_stock":0,"stock_on_hold":0,"sold_today":0,"sales_last_days":0,"out_stock_days":0,"lost_sales":0,"has_location":false,"update_date":"2026-04-28T22:22:54","atum_locations":[],"atum_stock_status":"instock","restock_status":false,"low_stock_amount":"","sales_update_date":"2026-04-28T22:22:54","calc_backorders":0,"_links":{"self":[{"href":"https:\/\/www.epicerie-lasource.org\/magasin\/wp-json\/wp\/v2\/product\/9654"}],"collection":[{"href":"https:\/\/www.epicerie-lasource.org\/magasin\/wp-json\/wp\/v2\/product"}],"about":[{"href":"https:\/\/www.epicerie-lasource.org\/magasin\/wp-json\/wp\/v2\/types\/product"}],"replies":[{"embeddable":true,"href":"https:\/\/www.epicerie-lasource.org\/magasin\/wp-json\/wp\/v2\/comments?post=9654"}],"wp:featuredmedia":[{"embeddable":true,"href":"https:\/\/www.epicerie-lasource.org\/magasin\/wp-json\/wp\/v2\/media\/56217"}],"wp:attachment":[{"href":"https:\/\/www.epicerie-lasource.org\/magasin\/wp-json\/wp\/v2\/media?parent=9654"}],"wp:term":[{"taxonomy":"product_cat","embeddable":true,"href":"https:\/\/www.epicerie-lasource.org\/magasin\/wp-json\/wp\/v2\/product_cat?post=9654"},{"taxonomy":"product_tag","embeddable":true,"href":"https:\/\/www.epicerie-lasource.org\/magasin\/wp-json\/wp\/v2\/product_tag?post=9654"}],"curies":[{"name":"wp","href":"https:\/\/api.w.org\/{rel}","templated":true}]}}

Sauté de porc à la flamande (Bocal de 460grs)

<p>Sauté de porc à la flamande ( Bière)</p>
<p>Conserve locale et fermière de 460 Grs.</p>
