{"id":7145,"date":"2020-04-08T12:20:41","date_gmt":"2020-04-08T10:20:41","guid":{"rendered":"https:\/\/www.epicerie-lasource.org\/magasin\/?post_type=product&#038;p=7145"},"modified":"2026-04-08T21:47:23","modified_gmt":"2026-04-08T19:47:23","slug":"savon-mandarine-verte-et-jus-de-carotte-100-gr","status":"publish","type":"product","link":"https:\/\/www.epicerie-lasource.org\/magasin\/produit\/savon-mandarine-verte-et-jus-de-carotte-100-gr\/","title":{"rendered":"Savon &lsquo;T KAROOJE Mandarine verte et jus de carotte 100 gr"},"content":{"rendered":"","protected":false},"excerpt":{"rendered":"<p>Mandarine verte et jus de carotte:<\/p>\n<p>huiles de ricin et d\u2019avocat pour<br \/>\nles cheveux, carotte pour un<br \/>\neffet bonne mine, parfum frais d\u2019agrumes<\/p>\n<p>Ingr\u00e9dients :<br \/>\n&#8211; Huile d\u2019olive* &#8211; Beurre de coco*<br \/>\n&#8211; Beurre de karit\u00e9* &#8211; Jus de carotte*<br \/>\n&#8211; Huile de ricin* &#8211; Glyc\u00e9rine<br \/>\n&#8211; Huile d\u2019avocat* &#8211; Huile essentielle d\u2019orange douce*<br \/>\n&#8211; Argile verte &#8211; Huile essentielle de Mandarine verte*<br \/>\n&#8211; poudre d\u2019urucum* &#8211; Huile essentielle de Patchouli*<br \/>\nLa glyc\u00e9rine est produite naturellement pendant le proc\u00e9d\u00e9 de fabrication. C\u2019est un excellent agent hydratant.<br \/>\nSurgras : 7%<\/p>\n","protected":false},"featured_media":7146,"comment_status":"closed","ping_status":"closed","template":"","meta":[],"product_cat":[207],"product_tag":[],"supplier_id":null,"supplier_sku":"","atum_controlled":true,"out_stock_date":null,"out_stock_threshold":null,"inheritable":false,"inbound_stock":0,"stock_on_hold":0,"sold_today":0,"sales_last_days":1,"out_stock_days":0,"lost_sales":0,"has_location":false,"update_date":"2026-05-01T22:27:39","atum_locations":[],"atum_stock_status":"instock","restock_status":false,"low_stock_amount":"","sales_update_date":"2026-05-01T22:27:39","calc_backorders":0,"_links":{"self":[{"href":"https:\/\/www.epicerie-lasource.org\/magasin\/wp-json\/wp\/v2\/product\/7145"}],"collection":[{"href":"https:\/\/www.epicerie-lasource.org\/magasin\/wp-json\/wp\/v2\/product"}],"about":[{"href":"https:\/\/www.epicerie-lasource.org\/magasin\/wp-json\/wp\/v2\/types\/product"}],"replies":[{"embeddable":true,"href":"https:\/\/www.epicerie-lasource.org\/magasin\/wp-json\/wp\/v2\/comments?post=7145"}],"wp:featuredmedia":[{"embeddable":true,"href":"https:\/\/www.epicerie-lasource.org\/magasin\/wp-json\/wp\/v2\/media\/7146"}],"wp:attachment":[{"href":"https:\/\/www.epicerie-lasource.org\/magasin\/wp-json\/wp\/v2\/media?parent=7145"}],"wp:term":[{"taxonomy":"product_cat","embeddable":true,"href":"https:\/\/www.epicerie-lasource.org\/magasin\/wp-json\/wp\/v2\/product_cat?post=7145"},{"taxonomy":"product_tag","embeddable":true,"href":"https:\/\/www.epicerie-lasource.org\/magasin\/wp-json\/wp\/v2\/product_tag?post=7145"}],"curies":[{"name":"wp","href":"https:\/\/api.w.org\/{rel}","templated":true}]}}