{"id":7136,"date":"2020-04-08T12:07:30","date_gmt":"2020-04-08T10:07:30","guid":{"rendered":"https:\/\/www.epicerie-lasource.org\/magasin\/?post_type=product&#038;p=7136"},"modified":"2026-03-30T11:45:02","modified_gmt":"2026-03-30T09:45:02","slug":"savon-lavande-du-quercy-et-mauve-des-flandres-100-gr","status":"publish","type":"product","link":"https:\/\/www.epicerie-lasource.org\/magasin\/produit\/savon-lavande-du-quercy-et-mauve-des-flandres-100-gr\/","title":{"rendered":"Savon Lavande du Quercy et mauve des Flandres 100 gr"},"content":{"rendered":"","protected":false},"excerpt":{"rendered":"<p>Lavande du Quercy et<br \/>\nmauve des Flandres :<br \/>\nA l\u2019argile blanche purifiante,<br \/>\nparfum tr\u00e8s raffin\u00e9, tous types de peau<\/p>\n<p>Ingr\u00e9dients :<br \/>\n&#8211; Huile d\u2019olive* &#8211; Beurre de coco*<br \/>\n&#8211; Beurre de karit\u00e9* &#8211; Eau<br \/>\n&#8211; Glyc\u00e9rine &#8211; Huile essentielle de lavande fine*<br \/>\n&#8211; Argile blanche &#8211; Huile essentielle d\u2019Ylang Ylang*<br \/>\n&#8211; poudre d\u2019orcanette &#8211; fleurs de mauves s\u00e9ch\u00e9es*<br \/>\nLa glyc\u00e9rine est produite naturellement pendant le proc\u00e9d\u00e9 de fabrication. C\u2019est un excellent agent hydratant.<br \/>\nSurgras : 7%<\/p>\n","protected":false},"featured_media":7137,"comment_status":"closed","ping_status":"closed","template":"","meta":[],"product_cat":[207],"product_tag":[],"supplier_id":null,"supplier_sku":"","atum_controlled":true,"out_stock_date":null,"out_stock_threshold":null,"inheritable":false,"inbound_stock":0,"stock_on_hold":0,"sold_today":0,"sales_last_days":0,"out_stock_days":0,"lost_sales":0,"has_location":false,"update_date":"2026-04-13T22:11:56","atum_locations":[],"atum_stock_status":"instock","restock_status":false,"low_stock_amount":"","sales_update_date":"2026-04-13T22:11:55","calc_backorders":0,"_links":{"self":[{"href":"https:\/\/www.epicerie-lasource.org\/magasin\/wp-json\/wp\/v2\/product\/7136"}],"collection":[{"href":"https:\/\/www.epicerie-lasource.org\/magasin\/wp-json\/wp\/v2\/product"}],"about":[{"href":"https:\/\/www.epicerie-lasource.org\/magasin\/wp-json\/wp\/v2\/types\/product"}],"replies":[{"embeddable":true,"href":"https:\/\/www.epicerie-lasource.org\/magasin\/wp-json\/wp\/v2\/comments?post=7136"}],"wp:featuredmedia":[{"embeddable":true,"href":"https:\/\/www.epicerie-lasource.org\/magasin\/wp-json\/wp\/v2\/media\/7137"}],"wp:attachment":[{"href":"https:\/\/www.epicerie-lasource.org\/magasin\/wp-json\/wp\/v2\/media?parent=7136"}],"wp:term":[{"taxonomy":"product_cat","embeddable":true,"href":"https:\/\/www.epicerie-lasource.org\/magasin\/wp-json\/wp\/v2\/product_cat?post=7136"},{"taxonomy":"product_tag","embeddable":true,"href":"https:\/\/www.epicerie-lasource.org\/magasin\/wp-json\/wp\/v2\/product_tag?post=7136"}],"curies":[{"name":"wp","href":"https:\/\/api.w.org\/{rel}","templated":true}]}}