{"id":62242,"date":"2026-03-10T13:04:29","date_gmt":"2026-03-10T12:04:29","guid":{"rendered":"https:\/\/www.epicerie-lasource.org\/magasin\/?post_type=product&#038;p=62242"},"modified":"2026-03-11T13:45:56","modified_gmt":"2026-03-11T12:45:56","slug":"sel-aromatise-le-chemin-des-dunes-bio-10-gr","status":"publish","type":"product","link":"https:\/\/www.epicerie-lasource.org\/magasin\/produit\/sel-aromatise-le-chemin-des-dunes-bio-10-gr\/","title":{"rendered":"Sel aromatis\u00e9 \u00ab Le chemin des dunes\u201d &#8211; 10 gr"},"content":{"rendered":"","protected":false},"excerpt":{"rendered":"<p>Sel aromatis\u00e9 aux ar\u00f4mes chaleureux de romarin m\u00eal\u00e9s aux notes acidul\u00e9es de l\u2019argousier. Parfait pour r\u00e9hausser une viande, un l\u00e9gume grill\u00e9 ou simplement des p\u00e2tes a l\u2019huile d\u2019olive\u2026<\/p>\n<p>Sel de Noirmoutier Nature et Progr\u00e8s, Argouses*, Romarin*<\/p>\n<p><em>Plantes certifi\u00e9es Agriculture Biologique produites et r\u00e9colt\u00e9es en Hauts-de-France<\/em><\/p>\n","protected":false},"featured_media":62243,"comment_status":"closed","ping_status":"closed","template":"","meta":[],"product_cat":[652,707,704],"product_tag":[],"supplier_id":null,"supplier_sku":"","atum_controlled":true,"out_stock_date":null,"out_stock_threshold":null,"inheritable":false,"inbound_stock":null,"stock_on_hold":0,"sold_today":0,"sales_last_days":0,"out_stock_days":0,"lost_sales":0,"has_location":false,"update_date":"2026-05-01T22:28:37","atum_locations":[],"atum_stock_status":"instock","restock_status":false,"low_stock_amount":"","sales_update_date":"2026-05-01T22:28:37","calc_backorders":null,"_links":{"self":[{"href":"https:\/\/www.epicerie-lasource.org\/magasin\/wp-json\/wp\/v2\/product\/62242"}],"collection":[{"href":"https:\/\/www.epicerie-lasource.org\/magasin\/wp-json\/wp\/v2\/product"}],"about":[{"href":"https:\/\/www.epicerie-lasource.org\/magasin\/wp-json\/wp\/v2\/types\/product"}],"replies":[{"embeddable":true,"href":"https:\/\/www.epicerie-lasource.org\/magasin\/wp-json\/wp\/v2\/comments?post=62242"}],"wp:featuredmedia":[{"embeddable":true,"href":"https:\/\/www.epicerie-lasource.org\/magasin\/wp-json\/wp\/v2\/media\/62243"}],"wp:attachment":[{"href":"https:\/\/www.epicerie-lasource.org\/magasin\/wp-json\/wp\/v2\/media?parent=62242"}],"wp:term":[{"taxonomy":"product_cat","embeddable":true,"href":"https:\/\/www.epicerie-lasource.org\/magasin\/wp-json\/wp\/v2\/product_cat?post=62242"},{"taxonomy":"product_tag","embeddable":true,"href":"https:\/\/www.epicerie-lasource.org\/magasin\/wp-json\/wp\/v2\/product_tag?post=62242"}],"curies":[{"name":"wp","href":"https:\/\/api.w.org\/{rel}","templated":true}]}}