{"id":62215,"date":"2026-03-08T11:42:55","date_gmt":"2026-03-08T10:42:55","guid":{"rendered":"https:\/\/www.epicerie-lasource.org\/magasin\/?post_type=product&#038;p=62215"},"modified":"2026-04-01T08:12:07","modified_gmt":"2026-04-01T06:12:07","slug":"boisson-litchi-goyave-bouteille-1l","status":"publish","type":"product","link":"https:\/\/www.epicerie-lasource.org\/magasin\/produit\/boisson-litchi-goyave-bouteille-1l\/","title":{"rendered":"Boisson litchi goyave bouteille 1l"},"content":{"rendered":"","protected":false},"excerpt":{"rendered":"<p>Eau, sucre, pur\u00e9e de goyave blanche \u00e0 base de concentr\u00e9 (7%), jus de litchi \u00e0 base de jus concentr\u00e9 (6%), jus de citron \u00e0 base de jus concentr\u00e9, antioxydant : acide ascorbique, ar\u00f4mes.<\/p>\n<h2 class=\"\">VALEURS NUTRITIONNELLES<\/h2>\n<div class=\"\">\n<p>Energie 190kJ \/ 45kcal,<\/p>\n<p>Mati\u00e8res grasses &lt;0.5g dont acides gras satur\u00e9s &lt;0.1g,<\/p>\n<p>Glucides 11g dont sucres 11g,<\/p>\n<p>Prot\u00e9ines &lt;0.5g,<\/p>\n<p>Sel &lt;0.01g.<\/p>\n<h2 class=\"\">INFORMATIONS PRODUITS<\/h2>\n<div class=\"\">\n<p>Agiter avant d\u2019ouvrir et servir frais. \u00c0 conserver \u00e0 l\u2019abri de la chaleur, de la lumi\u00e8re et de l\u2019humidit\u00e9. Apr\u00e8s ouverture, \u00e0 conserver au r\u00e9frig\u00e9rateur et \u00e0 consommer dans les 3 jours.<\/p>\n<\/div>\n<\/div>\n","protected":false},"featured_media":62216,"comment_status":"closed","ping_status":"closed","template":"","meta":[],"product_cat":[652,22,475],"product_tag":[],"supplier_id":null,"supplier_sku":"","atum_controlled":true,"out_stock_date":null,"out_stock_threshold":null,"inheritable":false,"inbound_stock":null,"stock_on_hold":0,"sold_today":0,"sales_last_days":10,"out_stock_days":0,"lost_sales":0,"has_location":false,"update_date":"2026-04-05T22:05:35","atum_locations":[],"atum_stock_status":"instock","restock_status":false,"low_stock_amount":"","sales_update_date":"2026-04-05T22:05:35","calc_backorders":null,"_links":{"self":[{"href":"https:\/\/www.epicerie-lasource.org\/magasin\/wp-json\/wp\/v2\/product\/62215"}],"collection":[{"href":"https:\/\/www.epicerie-lasource.org\/magasin\/wp-json\/wp\/v2\/product"}],"about":[{"href":"https:\/\/www.epicerie-lasource.org\/magasin\/wp-json\/wp\/v2\/types\/product"}],"replies":[{"embeddable":true,"href":"https:\/\/www.epicerie-lasource.org\/magasin\/wp-json\/wp\/v2\/comments?post=62215"}],"wp:featuredmedia":[{"embeddable":true,"href":"https:\/\/www.epicerie-lasource.org\/magasin\/wp-json\/wp\/v2\/media\/62216"}],"wp:attachment":[{"href":"https:\/\/www.epicerie-lasource.org\/magasin\/wp-json\/wp\/v2\/media?parent=62215"}],"wp:term":[{"taxonomy":"product_cat","embeddable":true,"href":"https:\/\/www.epicerie-lasource.org\/magasin\/wp-json\/wp\/v2\/product_cat?post=62215"},{"taxonomy":"product_tag","embeddable":true,"href":"https:\/\/www.epicerie-lasource.org\/magasin\/wp-json\/wp\/v2\/product_tag?post=62215"}],"curies":[{"name":"wp","href":"https:\/\/api.w.org\/{rel}","templated":true}]}}