{"id":61580,"date":"2026-02-04T11:18:10","date_gmt":"2026-02-04T10:18:10","guid":{"rendered":"https:\/\/www.epicerie-lasource.org\/magasin\/?post_type=product&#038;p=61580"},"modified":"2026-04-08T17:37:41","modified_gmt":"2026-04-08T15:37:41","slug":"pierre-dargile-500-grs","status":"publish","type":"product","link":"https:\/\/www.epicerie-lasource.org\/magasin\/produit\/pierre-dargile-500-grs\/","title":{"rendered":"Pierre d argile 500 grs"},"content":{"rendered":"","protected":false},"excerpt":{"rendered":"<div class=\"text-block-product-header product-details\">\n<h1>Pierre d&rsquo;argile 500 g\u00a0&#8211; 500\u00a0g<\/h1>\n<\/div>\n<div class=\"product-label-container\"><\/div>\n<div>\n<p class=\"txtwhitespace product-description\">Tr\u00e8s efficace, la pierre d&rsquo;argile nettoie, r\u00e9cure sans rayer et fait briller toutes les surfaces lisses (inox, carrelage, vitres &#8230;). Elle d\u00e9graisse, d\u00e9tartre et prot\u00e8ge.<\/p>\n<p>Fabrication en France \u00e0 base de mati\u00e8res premi\u00e8res naturelles et biologiques.<\/p>\n<p>Fiche de Donn\u00e9es S\u00e9curit\u00e9 disponible sur demande.<\/p>\n<div class=\"product-technical-details\">\n<div class=\"ng-star-inserted\"><span class=\"product-technical-details-label add-colon\">Marque<\/span><span class=\"product-technical-details-value\">DROGUERIE ECOLOGIQUE<\/span><\/div>\n<div class=\"ng-star-inserted\"><span class=\"product-technical-details-label add-colon\">Conditions de conservation<\/span><span class=\"product-technical-details-value\">A stocker \u00e0 l&rsquo;abri de l&rsquo;humidit\u00e9, dans un endroit sec et frais.<\/span><\/div>\n<div class=\"ng-star-inserted\"><span class=\"product-technical-details-label add-colon\">Composition, ingr\u00e9dients<\/span><span class=\"product-technical-details-value\">5 \u00e0 15% de savons d&rsquo;huile de noix de coco*, moins de 5% : huile essentielle de citron* (contient du citral et du limon\u00e8ne). Contient aussi : eau, argile, poudre de marbre, lactate de sodium, gluconate de sodium, glyc\u00e9rine*, silicates. ; 100% des ingr\u00e9dient<\/span><\/div>\n<div class=\"ng-star-inserted\"><span class=\"product-technical-details-label add-colon\">Origine<\/span><span class=\"product-technical-details-value\">France<\/span><\/div>\n<\/div>\n<\/div>\n","protected":false},"featured_media":61581,"comment_status":"closed","ping_status":"closed","template":"","meta":[],"product_cat":[324,652],"product_tag":[],"supplier_id":null,"supplier_sku":"","atum_controlled":true,"out_stock_date":null,"out_stock_threshold":null,"inheritable":false,"inbound_stock":null,"stock_on_hold":0,"sold_today":0,"sales_last_days":0,"out_stock_days":0,"lost_sales":0,"has_location":false,"update_date":"2026-05-09T22:32:28","atum_locations":[],"atum_stock_status":"instock","restock_status":false,"low_stock_amount":"","sales_update_date":"2026-05-09T22:32:28","calc_backorders":0,"_links":{"self":[{"href":"https:\/\/www.epicerie-lasource.org\/magasin\/wp-json\/wp\/v2\/product\/61580"}],"collection":[{"href":"https:\/\/www.epicerie-lasource.org\/magasin\/wp-json\/wp\/v2\/product"}],"about":[{"href":"https:\/\/www.epicerie-lasource.org\/magasin\/wp-json\/wp\/v2\/types\/product"}],"replies":[{"embeddable":true,"href":"https:\/\/www.epicerie-lasource.org\/magasin\/wp-json\/wp\/v2\/comments?post=61580"}],"wp:featuredmedia":[{"embeddable":true,"href":"https:\/\/www.epicerie-lasource.org\/magasin\/wp-json\/wp\/v2\/media\/61581"}],"wp:attachment":[{"href":"https:\/\/www.epicerie-lasource.org\/magasin\/wp-json\/wp\/v2\/media?parent=61580"}],"wp:term":[{"taxonomy":"product_cat","embeddable":true,"href":"https:\/\/www.epicerie-lasource.org\/magasin\/wp-json\/wp\/v2\/product_cat?post=61580"},{"taxonomy":"product_tag","embeddable":true,"href":"https:\/\/www.epicerie-lasource.org\/magasin\/wp-json\/wp\/v2\/product_tag?post=61580"}],"curies":[{"name":"wp","href":"https:\/\/api.w.org\/{rel}","templated":true}]}}