{"id":60213,"date":"2025-12-02T13:07:18","date_gmt":"2025-12-02T12:07:18","guid":{"rendered":"https:\/\/www.epicerie-lasource.org\/magasin\/?post_type=product&#038;p=60213"},"modified":"2025-12-07T13:17:02","modified_gmt":"2025-12-07T12:17:02","slug":"chocolat-noir-63-menthe-poivree-el-inti-bio-saldac-100-g","status":"publish","type":"product","link":"https:\/\/www.epicerie-lasource.org\/magasin\/produit\/chocolat-noir-63-menthe-poivree-el-inti-bio-saldac-100-g\/","title":{"rendered":"Chocolat noir 63% menthe poivr\u00e9e El Inti bio &#8211; Saldac &#8211; 100 g"},"content":{"rendered":"","protected":false},"excerpt":{"rendered":"<p><strong>Chocolat noir 63 % de cacao, 2 % de feuilles de menthe poivr\u00e9e s\u00e9ch\u00e9es<\/strong>, huile essentielle de menthe poivr\u00e9e, sucre de canne complet du P\u00e9rou (panela), biologique. Excellent mariage la menthe et le chocolat. Puissant et aromatique.<\/p>\n<p><strong>Ingr\u00e9dients<\/strong>\u00a0: f\u00e8ves de cacao, panela, beurre de cacao, feuille de menthe 2%\u00a0et huile essentielle de menthe<\/p>\n<p><strong>Caract\u00e9ristiques nutritionnelles\u00a0<\/strong>(valeurs moyennes pour 100g)<\/p>\n<p>Glucides\u00a0:\u00a051,2 g (dont sucres\u00a036,2 g) Lipides\u00a0:\u00a039,1 g (dont acides gras satur\u00e9s\u00a022,6 g) Prot\u00e9ines\u00a0:\u00a07,1 g\u00a0\u00a0 Sel\u00a0: 0,1 g Valeur \u00e9nerg\u00e9tique\u00a0:\u00a0585\u00a0\u00a0kcal \/\u00a02\u00a0438\u00a0kJ<\/p>\n<p><strong>Notre gamme de chocolats est certifi\u00e9e commerce \u00e9quitable par le syst\u00e8me SPP \u201cSimbolo de los Pequenos Productores\u201d, un label qui appartient enfin aux producteurs : www.spp.coop<\/strong><\/p>\n","protected":false},"featured_media":60214,"comment_status":"closed","ping_status":"closed","template":"","meta":[],"product_cat":[652,64,691],"product_tag":[],"supplier_id":null,"supplier_sku":"","atum_controlled":true,"out_stock_date":null,"out_stock_threshold":null,"inheritable":false,"inbound_stock":null,"stock_on_hold":0,"sold_today":0,"sales_last_days":2,"out_stock_days":0,"lost_sales":0,"has_location":false,"update_date":"2026-04-29T22:26:07","atum_locations":[],"atum_stock_status":"instock","restock_status":false,"low_stock_amount":"","sales_update_date":"2026-04-29T22:26:07","calc_backorders":null,"_links":{"self":[{"href":"https:\/\/www.epicerie-lasource.org\/magasin\/wp-json\/wp\/v2\/product\/60213"}],"collection":[{"href":"https:\/\/www.epicerie-lasource.org\/magasin\/wp-json\/wp\/v2\/product"}],"about":[{"href":"https:\/\/www.epicerie-lasource.org\/magasin\/wp-json\/wp\/v2\/types\/product"}],"replies":[{"embeddable":true,"href":"https:\/\/www.epicerie-lasource.org\/magasin\/wp-json\/wp\/v2\/comments?post=60213"}],"wp:featuredmedia":[{"embeddable":true,"href":"https:\/\/www.epicerie-lasource.org\/magasin\/wp-json\/wp\/v2\/media\/60214"}],"wp:attachment":[{"href":"https:\/\/www.epicerie-lasource.org\/magasin\/wp-json\/wp\/v2\/media?parent=60213"}],"wp:term":[{"taxonomy":"product_cat","embeddable":true,"href":"https:\/\/www.epicerie-lasource.org\/magasin\/wp-json\/wp\/v2\/product_cat?post=60213"},{"taxonomy":"product_tag","embeddable":true,"href":"https:\/\/www.epicerie-lasource.org\/magasin\/wp-json\/wp\/v2\/product_tag?post=60213"}],"curies":[{"name":"wp","href":"https:\/\/api.w.org\/{rel}","templated":true}]}}

Chocolat noir 63% menthe poivrée El Inti bio &#8211; Saldac &#8211; 100 g

<p><strong>Chocolat noir 63 % de cacao, 2 % de feuilles de menthe poivrée séchées</strong>, huile essentielle de menthe poivrée, sucre de canne complet du Pérou (panela), biologique. Excellent mariage la menthe et le chocolat. Puissant et aromatique.</p>
<p><strong>Ingrédients</strong> : fèves de cacao, panela, beurre de cacao, feuille de menthe 2% et huile essentielle de menthe</p>
<p><strong>Caractéristiques nutritionnelles </strong>(valeurs moyennes pour 100g)</p>
<p>Glucides : 51,2 g (dont sucres 36,2 g) Lipides : 39,1 g (dont acides gras saturés 22,6 g) Protéines : 7,1 g   Sel : 0,1 g Valeur énergétique : 585  kcal / 2 438 kJ</p>
<p><strong>Notre gamme de chocolats est certifiée commerce équitable par le système SPP “Simbolo de los Pequenos Productores”, un label qui appartient enfin aux producteurs : www.spp.coop</strong></p>
