{"id":60211,"date":"2025-12-02T12:58:46","date_gmt":"2025-12-02T11:58:46","guid":{"rendered":"https:\/\/www.epicerie-lasource.org\/magasin\/?post_type=product&#038;p=60211"},"modified":"2025-12-07T13:14:20","modified_gmt":"2025-12-07T12:14:20","slug":"chocolat-noir-63-amande-el-inti-bio-saldac-100-g","status":"publish","type":"product","link":"https:\/\/www.epicerie-lasource.org\/magasin\/produit\/chocolat-noir-63-amande-el-inti-bio-saldac-100-g\/","title":{"rendered":"Chocolat noir 63% amande El Inti bio &#8211; Saldac &#8211; 100 g"},"content":{"rendered":"","protected":false},"excerpt":{"rendered":"<p><strong>Chocolat noir 63 % de cacao, 15 % d\u2019amandes<\/strong>, sucre de canne complet du P\u00e9rou (panela), biologique. Excellent pour le go\u00fbter des petits et des plus grands. Tr\u00e8s parfum\u00e9.<\/p>\n<p><strong>Un v\u00e9ritable chocolat artisanal fabriqu\u00e9 \u00e0 partir de la f\u00e8ve de cacao.<\/strong><\/p>\n<p><strong>Ingr\u00e9dients<\/strong>\u00a0: f\u00e8ves de cacao, panela, amandes 15%, beurre de cacao<\/p>\n<p><strong>Caract\u00e9ristiques nutritionnelles\u00a0<\/strong>(valeurs moyennes pour 100g)<\/p>\n<p>Glucides\u00a0:\u00a044,8 g (dont sucres\u00a028,4 g) Lipides\u00a0:\u00a040,2 g (dont acides gras satur\u00e9s\u00a020 g) Prot\u00e9ines\u00a0:\u00a09,2 g\u00a0\u00a0 Sel\u00a0: 0,08 g Valeur \u00e9nerg\u00e9tique\u00a0:\u00a0586\u00a0\u00a0kcal \/\u00a02\u00a0442\u00a0kJ<\/p>\n<p><strong>Notre gamme de chocolats est certifi\u00e9e commerce \u00e9quitable par le syst\u00e8me SPP \u201cSimbolo de los Pequenos Productores\u201d, un label qui appartient enfin aux producteurs : www.spp.coop<\/strong><\/p>\n","protected":false},"featured_media":60212,"comment_status":"closed","ping_status":"closed","template":"","meta":[],"product_cat":[652,64,691],"product_tag":[],"supplier_id":null,"supplier_sku":"","atum_controlled":true,"out_stock_date":null,"out_stock_threshold":null,"inheritable":false,"inbound_stock":null,"stock_on_hold":0,"sold_today":0,"sales_last_days":1,"out_stock_days":0,"lost_sales":0,"has_location":false,"update_date":"2026-04-30T22:29:09","atum_locations":[],"atum_stock_status":"instock","restock_status":false,"low_stock_amount":"","sales_update_date":"2026-04-30T22:29:09","calc_backorders":null,"_links":{"self":[{"href":"https:\/\/www.epicerie-lasource.org\/magasin\/wp-json\/wp\/v2\/product\/60211"}],"collection":[{"href":"https:\/\/www.epicerie-lasource.org\/magasin\/wp-json\/wp\/v2\/product"}],"about":[{"href":"https:\/\/www.epicerie-lasource.org\/magasin\/wp-json\/wp\/v2\/types\/product"}],"replies":[{"embeddable":true,"href":"https:\/\/www.epicerie-lasource.org\/magasin\/wp-json\/wp\/v2\/comments?post=60211"}],"wp:featuredmedia":[{"embeddable":true,"href":"https:\/\/www.epicerie-lasource.org\/magasin\/wp-json\/wp\/v2\/media\/60212"}],"wp:attachment":[{"href":"https:\/\/www.epicerie-lasource.org\/magasin\/wp-json\/wp\/v2\/media?parent=60211"}],"wp:term":[{"taxonomy":"product_cat","embeddable":true,"href":"https:\/\/www.epicerie-lasource.org\/magasin\/wp-json\/wp\/v2\/product_cat?post=60211"},{"taxonomy":"product_tag","embeddable":true,"href":"https:\/\/www.epicerie-lasource.org\/magasin\/wp-json\/wp\/v2\/product_tag?post=60211"}],"curies":[{"name":"wp","href":"https:\/\/api.w.org\/{rel}","templated":true}]}}

<p><strong>Chocolat noir 63 % de cacao, 15 % d’amandes</strong>, sucre de canne complet du Pérou (panela), biologique. Excellent pour le goûter des petits et des plus grands. Très parfumé.</p>
<p><strong>Un véritable chocolat artisanal fabriqué à partir de la fève de cacao.</strong></p>
<p><strong>Ingrédients</strong> : fèves de cacao, panela, amandes 15%, beurre de cacao</p>
<p><strong>Caractéristiques nutritionnelles </strong>(valeurs moyennes pour 100g)</p>
<p>Glucides : 44,8 g (dont sucres 28,4 g) Lipides : 40,2 g (dont acides gras saturés 20 g) Protéines : 9,2 g   Sel : 0,08 g Valeur énergétique : 586  kcal / 2 442 kJ</p>
<p><strong>Notre gamme de chocolats est certifiée commerce équitable par le système SPP “Simbolo de los Pequenos Productores”, un label qui appartient enfin aux producteurs : www.spp.coop</strong></p>
