{"id":58870,"date":"2025-10-21T16:34:33","date_gmt":"2025-10-21T14:34:33","guid":{"rendered":"https:\/\/www.epicerie-lasource.org\/magasin\/?post_type=product&#038;p=58870"},"modified":"2025-11-19T11:05:10","modified_gmt":"2025-11-19T10:05:10","slug":"pomme-boskoop-francois-swynghedeaux","status":"publish","type":"product","link":"https:\/\/www.epicerie-lasource.org\/magasin\/produit\/pomme-boskoop-francois-swynghedeaux\/","title":{"rendered":"pomme boskoop &#8211; Fran\u00e7ois Swynghedeaux"},"content":{"rendered":"<p>Warhem:\u00a0<b>Fran\u00e7ois Swynghedeaux<\/b>\u00a0produit la pomme et son jus au village depuis mai 2021. Fran\u00e7ois a repris le verger en mai 2021 \u00e0 Alain et Ghislaine Allender qui l&rsquo;avaient cr\u00e9\u00e9 en 1989<\/p>\n","protected":false},"excerpt":{"rendered":"<p>La Boskoop est une\u00a0<b>vari\u00e9t\u00e9 \u00e0 cuire par excellence en raison de son taux \u00e9lev\u00e9 de sucre et d&rsquo;acidit\u00e9<\/b>. Cette vari\u00e9t\u00e9 de pomme se d\u00e9fait pendant la cuisson. La Boskoop convient aussi tr\u00e8s bien \u00e0 la pr\u00e9paration du cidre.<\/p>\n","protected":false},"featured_media":59777,"comment_status":"closed","ping_status":"closed","template":"","meta":[],"product_cat":[145,652],"product_tag":[],"supplier_id":null,"supplier_sku":"","atum_controlled":true,"out_stock_date":null,"out_stock_threshold":null,"inheritable":false,"inbound_stock":null,"stock_on_hold":1,"sold_today":0,"sales_last_days":8,"out_stock_days":0,"lost_sales":0,"has_location":false,"update_date":"2026-04-28T22:23:49","atum_locations":[],"atum_stock_status":"instock","restock_status":false,"low_stock_amount":"","sales_update_date":"2026-04-28T22:23:49","calc_backorders":null,"_links":{"self":[{"href":"https:\/\/www.epicerie-lasource.org\/magasin\/wp-json\/wp\/v2\/product\/58870"}],"collection":[{"href":"https:\/\/www.epicerie-lasource.org\/magasin\/wp-json\/wp\/v2\/product"}],"about":[{"href":"https:\/\/www.epicerie-lasource.org\/magasin\/wp-json\/wp\/v2\/types\/product"}],"replies":[{"embeddable":true,"href":"https:\/\/www.epicerie-lasource.org\/magasin\/wp-json\/wp\/v2\/comments?post=58870"}],"wp:featuredmedia":[{"embeddable":true,"href":"https:\/\/www.epicerie-lasource.org\/magasin\/wp-json\/wp\/v2\/media\/59777"}],"wp:attachment":[{"href":"https:\/\/www.epicerie-lasource.org\/magasin\/wp-json\/wp\/v2\/media?parent=58870"}],"wp:term":[{"taxonomy":"product_cat","embeddable":true,"href":"https:\/\/www.epicerie-lasource.org\/magasin\/wp-json\/wp\/v2\/product_cat?post=58870"},{"taxonomy":"product_tag","embeddable":true,"href":"https:\/\/www.epicerie-lasource.org\/magasin\/wp-json\/wp\/v2\/product_tag?post=58870"}],"curies":[{"name":"wp","href":"https:\/\/api.w.org\/{rel}","templated":true}]}}

pomme boskoop &#8211; François Swynghedeaux

<p>Warhem: <b>François Swynghedeaux</b> produit la pomme et son jus au village depuis mai 2021. François a repris le verger en mai 2021 à Alain et Ghislaine Allender qui l&rsquo;avaient créé en 1989</p>

<p>La Boskoop est une <b>variété à cuire par excellence en raison de son taux élevé de sucre et d&rsquo;acidité</b>. Cette variété de pomme se défait pendant la cuisson. La Boskoop convient aussi très bien à la préparation du cidre.</p>
