{"id":58677,"date":"2025-10-07T17:29:23","date_gmt":"2025-10-07T15:29:23","guid":{"rendered":"https:\/\/www.epicerie-lasource.org\/magasin\/?post_type=product&#038;p=58677"},"modified":"2025-11-19T11:11:41","modified_gmt":"2025-11-19T10:11:41","slug":"chocolat-noir-bio-85-cacao-90g-cachet","status":"publish","type":"product","link":"https:\/\/www.epicerie-lasource.org\/magasin\/produit\/chocolat-noir-bio-85-cacao-90g-cachet\/","title":{"rendered":"Chocolat noir BIO 85% cacao 90g &#8211; CACHET"},"content":{"rendered":"","protected":false},"excerpt":{"rendered":"<h2 class=\"\">INGR\u00c9DIENTS<\/h2>\n<div class=\"\">\n<p>P\u00e2te de cacao*\u00b0, beurre de cacao*\u00b0, cacao maigre en poudre*\u00b0, sucre de canne*, ar\u00f4me naturel de vanille*.<\/p>\n<p>*Ingr\u00e9dient issu de l&rsquo;agriculture biologique.<br \/>\n\u00b0Rainforest Alliance Certified.<\/p>\n<p><span class=\"allergenes_produit\">Les ingr\u00e9dients renseign\u00e9s en majuscule attestent des allerg\u00e8nes pr\u00e9sents dans le ou les produits.<\/span><\/p>\n<\/div>\n<div>\n<h2 class=\"\">VALEURS NUTRITIONNELLES<\/h2>\n<div class=\"\">\n<p>Energie 2579kj \/ 623kcal,<\/p>\n<p>Mati\u00e8res grasses 53g dont acides gras satur\u00e9s 32g,<\/p>\n<p>Glucides 21g dont sucres 13g,<\/p>\n<p>Prot\u00e9ines 9.3g,<\/p>\n<p>Sel 0.02g.<\/p>\n<h2 class=\"\">INFORMATIONS PRODUITS<\/h2>\n<div class=\"\">\n<p>A conserver \u00e0 l&rsquo;abri de la chaleur, de la lumi\u00e8re et de l&rsquo;humidit\u00e9.<\/p>\n<p>Peut contenir : gluten, oeufs, lait, fruits \u00e0 coque, soja.<\/p>\n<\/div>\n<\/div>\n<\/div>\n","protected":false},"featured_media":59779,"comment_status":"closed","ping_status":"closed","template":"","meta":[],"product_cat":[652,64,691],"product_tag":[],"supplier_id":null,"supplier_sku":"","atum_controlled":true,"out_stock_date":null,"out_stock_threshold":null,"inheritable":false,"inbound_stock":null,"stock_on_hold":0,"sold_today":0,"sales_last_days":1,"out_stock_days":0,"lost_sales":0,"has_location":false,"update_date":"2026-04-28T22:22:14","atum_locations":[],"atum_stock_status":"instock","restock_status":false,"low_stock_amount":"","sales_update_date":"2026-04-28T22:22:14","calc_backorders":null,"_links":{"self":[{"href":"https:\/\/www.epicerie-lasource.org\/magasin\/wp-json\/wp\/v2\/product\/58677"}],"collection":[{"href":"https:\/\/www.epicerie-lasource.org\/magasin\/wp-json\/wp\/v2\/product"}],"about":[{"href":"https:\/\/www.epicerie-lasource.org\/magasin\/wp-json\/wp\/v2\/types\/product"}],"replies":[{"embeddable":true,"href":"https:\/\/www.epicerie-lasource.org\/magasin\/wp-json\/wp\/v2\/comments?post=58677"}],"wp:featuredmedia":[{"embeddable":true,"href":"https:\/\/www.epicerie-lasource.org\/magasin\/wp-json\/wp\/v2\/media\/59779"}],"wp:attachment":[{"href":"https:\/\/www.epicerie-lasource.org\/magasin\/wp-json\/wp\/v2\/media?parent=58677"}],"wp:term":[{"taxonomy":"product_cat","embeddable":true,"href":"https:\/\/www.epicerie-lasource.org\/magasin\/wp-json\/wp\/v2\/product_cat?post=58677"},{"taxonomy":"product_tag","embeddable":true,"href":"https:\/\/www.epicerie-lasource.org\/magasin\/wp-json\/wp\/v2\/product_tag?post=58677"}],"curies":[{"name":"wp","href":"https:\/\/api.w.org\/{rel}","templated":true}]}}