{"id":58186,"date":"2025-09-16T16:19:45","date_gmt":"2025-09-16T14:19:45","guid":{"rendered":"https:\/\/www.epicerie-lasource.org\/magasin\/?post_type=product&#038;p=58186"},"modified":"2025-11-21T21:38:33","modified_gmt":"2025-11-21T20:38:33","slug":"epinards-en-branches-bocal-pne-240g","status":"publish","type":"product","link":"https:\/\/www.epicerie-lasource.org\/magasin\/produit\/epinards-en-branches-bocal-pne-240g\/","title":{"rendered":"\u00c9pinards en branches bocal pne 240g"},"content":{"rendered":"","protected":false},"excerpt":{"rendered":"<p>INGR\u00c9DIENTS<br \/>\nEpinards, eau, sel. les ingr\u00e9dients renseign\u00e9s en majuscule attestent des allerg\u00e8nes pr\u00e9sents dans le ou les produits.<\/p>\n<h2 class=\"\">VALEURS NUTRITIONNELLES<\/h2>\n<div class=\"\">\n<p>Energie 99 kJ \/ 24kcal,<\/p>\n<p>Mati\u00e8res grasses 0.1g dont acides gras satur\u00e9s 0g,<\/p>\n<p>Glucides 0,6g dont sucres 0g,<\/p>\n<p>Fibres alimentaires 3,2g,<\/p>\n<p>Prot\u00e9ines 3,5g,<\/p>\n<p>Sel 0.50g.<\/p>\n<h2 class=\"\">INFORMATIONS PRODUITS<\/h2>\n<div class=\"\">\n<p>\u00c0 conserver \u00e0 l&rsquo;abri de la chaleur, de la lumi\u00e8re et de l&rsquo;humidit\u00e9. Apr\u00e8s ouverture, \u00e0 conserver au r\u00e9frig\u00e9rateur dans un contenant alimentaire herm\u00e9tique,<br \/>\net \u00e0 consommer dans les 3 jours.<\/p>\n<div>Verser le contenu du bocal dans une casserole, r\u00e9chauffer \u00e0 feu doux en remuant r\u00e9guli\u00e8rement.<\/div>\n<div>\u00c9goutter avant de servir.<\/div>\n<div>Poids net: 330g.<\/div>\n<div>Poids net \u00e9goutt\u00e9: 240g.<\/div>\n<div>Epinards d&rsquo;origine UE.<\/div>\n<p>Source de prot\u00e9inesSans conservateur.<\/p>\n<\/div>\n<\/div>\n","protected":false},"featured_media":58212,"comment_status":"closed","ping_status":"closed","template":"","meta":[],"product_cat":[652,708],"product_tag":[],"supplier_id":null,"supplier_sku":"","atum_controlled":true,"out_stock_date":null,"out_stock_threshold":null,"inheritable":false,"inbound_stock":null,"stock_on_hold":0,"sold_today":0,"sales_last_days":1,"out_stock_days":0,"lost_sales":0,"has_location":false,"update_date":"2026-04-30T22:29:01","atum_locations":[],"atum_stock_status":"instock","restock_status":false,"low_stock_amount":"","sales_update_date":"2026-04-30T22:29:01","calc_backorders":null,"_links":{"self":[{"href":"https:\/\/www.epicerie-lasource.org\/magasin\/wp-json\/wp\/v2\/product\/58186"}],"collection":[{"href":"https:\/\/www.epicerie-lasource.org\/magasin\/wp-json\/wp\/v2\/product"}],"about":[{"href":"https:\/\/www.epicerie-lasource.org\/magasin\/wp-json\/wp\/v2\/types\/product"}],"replies":[{"embeddable":true,"href":"https:\/\/www.epicerie-lasource.org\/magasin\/wp-json\/wp\/v2\/comments?post=58186"}],"wp:featuredmedia":[{"embeddable":true,"href":"https:\/\/www.epicerie-lasource.org\/magasin\/wp-json\/wp\/v2\/media\/58212"}],"wp:attachment":[{"href":"https:\/\/www.epicerie-lasource.org\/magasin\/wp-json\/wp\/v2\/media?parent=58186"}],"wp:term":[{"taxonomy":"product_cat","embeddable":true,"href":"https:\/\/www.epicerie-lasource.org\/magasin\/wp-json\/wp\/v2\/product_cat?post=58186"},{"taxonomy":"product_tag","embeddable":true,"href":"https:\/\/www.epicerie-lasource.org\/magasin\/wp-json\/wp\/v2\/product_tag?post=58186"}],"curies":[{"name":"wp","href":"https:\/\/api.w.org\/{rel}","templated":true}]}}

Épinards en branches bocal pne 240g

<p>INGRÉDIENTS<br />
Epinards, eau, sel. les ingrédients renseignés en majuscule attestent des allergènes présents dans le ou les produits.</p>
<h2 class="">VALEURS NUTRITIONNELLES</h2>
<div class="">
<p>Energie 99 kJ / 24kcal,</p>
<p>Matières grasses 0.1g dont acides gras saturés 0g,</p>
<p>Glucides 0,6g dont sucres 0g,</p>
<p>Fibres alimentaires 3,2g,</p>
<p>Protéines 3,5g,</p>
<p>Sel 0.50g.</p>
<h2 class="">INFORMATIONS PRODUITS</h2>
<div class="">
<p>À conserver à l&rsquo;abri de la chaleur, de la lumière et de l&rsquo;humidité. Après ouverture, à conserver au réfrigérateur dans un contenant alimentaire hermétique,<br />
et à consommer dans les 3 jours.</p>
<div>Verser le contenu du bocal dans une casserole, réchauffer à feu doux en remuant régulièrement.</div>
<div>Égoutter avant de servir.</div>
<div>Poids net: 330g.</div>
<div>Poids net égoutté: 240g.</div>
<div>Epinards d&rsquo;origine UE.</div>
<p>Source de protéinesSans conservateur.</p>
</div>
</div>
