{"id":57533,"date":"2025-09-07T16:29:03","date_gmt":"2025-09-07T14:29:03","guid":{"rendered":"https:\/\/www.epicerie-lasource.org\/magasin\/?post_type=product&#038;p=57533"},"modified":"2026-05-05T18:07:14","modified_gmt":"2026-05-05T16:07:14","slug":"hache-de-boeufa-commander-jusquau-lundi-soir","status":"publish","type":"product","link":"https:\/\/www.epicerie-lasource.org\/magasin\/produit\/hache-de-boeufa-commander-jusquau-lundi-soir\/","title":{"rendered":"Hach\u00e9 de Boeuf au choix (!!\u00e0 commander jusqu&rsquo;au lundi soir!!)"},"content":{"rendered":"","protected":false},"excerpt":{"rendered":"<p>Hach\u00e9 de boeuf <strong>sal\u00e9 et poivr\u00e9<\/strong> au choix<br \/>\nR\u00e9gulation du prix lors de la r\u00e9ception<br \/>\n22,75\u20ac\/kg<\/p>\n","protected":false},"featured_media":59829,"comment_status":"closed","ping_status":"closed","template":"","meta":[],"product_cat":[652,15,684],"product_tag":[],"supplier_id":null,"supplier_sku":"","atum_controlled":true,"out_stock_date":null,"out_stock_threshold":null,"inheritable":true,"inbound_stock":null,"stock_on_hold":4,"sold_today":0,"sales_last_days":5,"out_stock_days":0,"lost_sales":0,"has_location":false,"update_date":"2026-05-12T22:45:15","atum_locations":[],"atum_stock_status":"instock","restock_status":false,"low_stock_amount":"","sales_update_date":"2026-05-12T22:45:15","calc_backorders":null,"_links":{"self":[{"href":"https:\/\/www.epicerie-lasource.org\/magasin\/wp-json\/wp\/v2\/product\/57533"}],"collection":[{"href":"https:\/\/www.epicerie-lasource.org\/magasin\/wp-json\/wp\/v2\/product"}],"about":[{"href":"https:\/\/www.epicerie-lasource.org\/magasin\/wp-json\/wp\/v2\/types\/product"}],"replies":[{"embeddable":true,"href":"https:\/\/www.epicerie-lasource.org\/magasin\/wp-json\/wp\/v2\/comments?post=57533"}],"wp:featuredmedia":[{"embeddable":true,"href":"https:\/\/www.epicerie-lasource.org\/magasin\/wp-json\/wp\/v2\/media\/59829"}],"wp:attachment":[{"href":"https:\/\/www.epicerie-lasource.org\/magasin\/wp-json\/wp\/v2\/media?parent=57533"}],"wp:term":[{"taxonomy":"product_cat","embeddable":true,"href":"https:\/\/www.epicerie-lasource.org\/magasin\/wp-json\/wp\/v2\/product_cat?post=57533"},{"taxonomy":"product_tag","embeddable":true,"href":"https:\/\/www.epicerie-lasource.org\/magasin\/wp-json\/wp\/v2\/product_tag?post=57533"}],"curies":[{"name":"wp","href":"https:\/\/api.w.org\/{rel}","templated":true}]}}