{"id":55624,"date":"2025-07-01T16:27:12","date_gmt":"2025-07-01T14:27:12","guid":{"rendered":"https:\/\/www.epicerie-lasource.org\/magasin\/?post_type=product&#038;p=55624"},"modified":"2025-07-29T12:54:27","modified_gmt":"2025-07-29T10:54:27","slug":"aoc-cotes-du-rhone-village-rouge-bio-plan-de-dieu-domaine-des-pasquiers-75cl","status":"publish","type":"product","link":"https:\/\/www.epicerie-lasource.org\/magasin\/produit\/aoc-cotes-du-rhone-village-rouge-bio-plan-de-dieu-domaine-des-pasquiers-75cl\/","title":{"rendered":"AOC C\u00f4tes du Rh\u00f4ne village rouge bio plan de Dieu Domaine des Pasquiers 75cl"},"content":{"rendered":"","protected":false},"excerpt":{"rendered":"<div class=\"card-body\">\n<div>Au pied des Dentelles de Montmirail, le terroir magnifique des C\u00f4tes du Rh\u00f4ne Villages Plan de Dieu marque les vins subtilement : structure juteuse, ar\u00f4mes de garrigue et finale menthol\u00e9e et min\u00e9rale. Le compagnon id\u00e9al de travers de porc marin\u00e9s.<\/div>\n<div>Temp\u00e9rature de service : 16 &#8211; 18\u00b0C<\/div>\n<\/div>\n<div class=\"card-body\">\n<div>Accords : Gibiers et abats, Viandes rouges grill\u00e9es et r\u00f4ties, Viandes blanches grill\u00e9es et r\u00f4ties<\/div>\n<\/div>\n","protected":false},"featured_media":55644,"comment_status":"closed","ping_status":"closed","template":"","meta":[],"product_cat":[652],"product_tag":[],"supplier_id":null,"supplier_sku":"","atum_controlled":true,"out_stock_date":null,"out_stock_threshold":null,"inheritable":false,"inbound_stock":null,"stock_on_hold":0,"sold_today":0,"sales_last_days":0,"out_stock_days":0,"lost_sales":0,"has_location":false,"update_date":"2026-05-06T22:29:21","atum_locations":[],"atum_stock_status":"instock","restock_status":false,"low_stock_amount":"","sales_update_date":"2026-05-06T22:29:21","calc_backorders":null,"_links":{"self":[{"href":"https:\/\/www.epicerie-lasource.org\/magasin\/wp-json\/wp\/v2\/product\/55624"}],"collection":[{"href":"https:\/\/www.epicerie-lasource.org\/magasin\/wp-json\/wp\/v2\/product"}],"about":[{"href":"https:\/\/www.epicerie-lasource.org\/magasin\/wp-json\/wp\/v2\/types\/product"}],"replies":[{"embeddable":true,"href":"https:\/\/www.epicerie-lasource.org\/magasin\/wp-json\/wp\/v2\/comments?post=55624"}],"wp:featuredmedia":[{"embeddable":true,"href":"https:\/\/www.epicerie-lasource.org\/magasin\/wp-json\/wp\/v2\/media\/55644"}],"wp:attachment":[{"href":"https:\/\/www.epicerie-lasource.org\/magasin\/wp-json\/wp\/v2\/media?parent=55624"}],"wp:term":[{"taxonomy":"product_cat","embeddable":true,"href":"https:\/\/www.epicerie-lasource.org\/magasin\/wp-json\/wp\/v2\/product_cat?post=55624"},{"taxonomy":"product_tag","embeddable":true,"href":"https:\/\/www.epicerie-lasource.org\/magasin\/wp-json\/wp\/v2\/product_tag?post=55624"}],"curies":[{"name":"wp","href":"https:\/\/api.w.org\/{rel}","templated":true}]}}