{"id":54726,"date":"2025-05-22T14:44:12","date_gmt":"2025-05-22T12:44:12","guid":{"rendered":"https:\/\/www.epicerie-lasource.org\/magasin\/?post_type=product&#038;p=54726"},"modified":"2026-03-25T19:26:11","modified_gmt":"2026-03-25T18:26:11","slug":"savon-cumin-noir-peaux-acneique","status":"publish","type":"product","link":"https:\/\/www.epicerie-lasource.org\/magasin\/produit\/savon-cumin-noir-peaux-acneique\/","title":{"rendered":"Savon Bleu et Blanc &#8211; Nigelle et arbre \u00e0 th\u00e9 &#8211; Peaux acn\u00e9ique"},"content":{"rendered":"<p>u<\/p>\n","protected":false},"excerpt":{"rendered":"<p>Savon corps et visage ,local, \u00e0 l&rsquo;huile de nigelle, niaouli et arbre \u00e0 th\u00e9.<br \/>\nHuile de Nigelle et synergie de 4 huiles essentielles pour une action antibact\u00e9rienne, tr\u00e8s adapt\u00e9 aux peaux \u00e0 tendance acn\u00e9ique.<\/p>\n<p>&nbsp;<\/p>\n","protected":false},"featured_media":54956,"comment_status":"closed","ping_status":"closed","template":"","meta":[],"product_cat":[207,652],"product_tag":[],"supplier_id":null,"supplier_sku":"","atum_controlled":true,"out_stock_date":null,"out_stock_threshold":null,"inheritable":false,"inbound_stock":null,"stock_on_hold":0,"sold_today":0,"sales_last_days":0,"out_stock_days":0,"lost_sales":0,"has_location":false,"update_date":"2026-04-19T22:14:28","atum_locations":[],"atum_stock_status":"instock","restock_status":false,"low_stock_amount":"","sales_update_date":"2026-04-19T22:14:28","calc_backorders":0,"_links":{"self":[{"href":"https:\/\/www.epicerie-lasource.org\/magasin\/wp-json\/wp\/v2\/product\/54726"}],"collection":[{"href":"https:\/\/www.epicerie-lasource.org\/magasin\/wp-json\/wp\/v2\/product"}],"about":[{"href":"https:\/\/www.epicerie-lasource.org\/magasin\/wp-json\/wp\/v2\/types\/product"}],"replies":[{"embeddable":true,"href":"https:\/\/www.epicerie-lasource.org\/magasin\/wp-json\/wp\/v2\/comments?post=54726"}],"wp:featuredmedia":[{"embeddable":true,"href":"https:\/\/www.epicerie-lasource.org\/magasin\/wp-json\/wp\/v2\/media\/54956"}],"wp:attachment":[{"href":"https:\/\/www.epicerie-lasource.org\/magasin\/wp-json\/wp\/v2\/media?parent=54726"}],"wp:term":[{"taxonomy":"product_cat","embeddable":true,"href":"https:\/\/www.epicerie-lasource.org\/magasin\/wp-json\/wp\/v2\/product_cat?post=54726"},{"taxonomy":"product_tag","embeddable":true,"href":"https:\/\/www.epicerie-lasource.org\/magasin\/wp-json\/wp\/v2\/product_tag?post=54726"}],"curies":[{"name":"wp","href":"https:\/\/api.w.org\/{rel}","templated":true}]}}