{"id":54015,"date":"2025-04-30T21:04:38","date_gmt":"2025-04-30T19:04:38","guid":{"rendered":"https:\/\/www.epicerie-lasource.org\/magasin\/?post_type=product&#038;p=54015"},"modified":"2026-01-21T21:15:21","modified_gmt":"2026-01-21T20:15:21","slug":"serum-multi-action-anti-age-nutrition-raffermissante","status":"publish","type":"product","link":"https:\/\/www.epicerie-lasource.org\/magasin\/produit\/serum-multi-action-anti-age-nutrition-raffermissante\/","title":{"rendered":"S\u00e9rum Multi Action &#8211; Anti \u00e2ge &#8211; nutrition &#8211; raffermissante"},"content":{"rendered":"","protected":false},"excerpt":{"rendered":"<p>S\u00e9rum Raffermissant Nutrition<br \/>\nMulti Actions<\/p>\n<p>Ing\u00e9dients : Calendula officinalis, Flower Water, Glycerin, Erythritol,Aqua, Leuconostoc\/radish root ferment, fitrate, parfum, alaria esculenta, extract in caprylic\/capric, triglyceride, xanthan gum, dipalmitoyl hydroxyproline, palmitic, acid, geraniol, rebaudioside A, sodium, hydroxide, linalool, linalyl acetate, camphor, terpineol.<\/p>\n","protected":false},"featured_media":54344,"comment_status":"open","ping_status":"closed","template":"","meta":[],"product_cat":[207,652],"product_tag":[],"supplier_id":null,"supplier_sku":"","atum_controlled":true,"out_stock_date":null,"out_stock_threshold":null,"inheritable":false,"inbound_stock":null,"stock_on_hold":0,"sold_today":0,"sales_last_days":0,"out_stock_days":0,"lost_sales":0,"has_location":false,"update_date":"2026-04-17T22:13:55","atum_locations":[],"atum_stock_status":"instock","restock_status":false,"low_stock_amount":"","sales_update_date":"2026-04-17T22:13:55","calc_backorders":null,"_links":{"self":[{"href":"https:\/\/www.epicerie-lasource.org\/magasin\/wp-json\/wp\/v2\/product\/54015"}],"collection":[{"href":"https:\/\/www.epicerie-lasource.org\/magasin\/wp-json\/wp\/v2\/product"}],"about":[{"href":"https:\/\/www.epicerie-lasource.org\/magasin\/wp-json\/wp\/v2\/types\/product"}],"replies":[{"embeddable":true,"href":"https:\/\/www.epicerie-lasource.org\/magasin\/wp-json\/wp\/v2\/comments?post=54015"}],"wp:featuredmedia":[{"embeddable":true,"href":"https:\/\/www.epicerie-lasource.org\/magasin\/wp-json\/wp\/v2\/media\/54344"}],"wp:attachment":[{"href":"https:\/\/www.epicerie-lasource.org\/magasin\/wp-json\/wp\/v2\/media?parent=54015"}],"wp:term":[{"taxonomy":"product_cat","embeddable":true,"href":"https:\/\/www.epicerie-lasource.org\/magasin\/wp-json\/wp\/v2\/product_cat?post=54015"},{"taxonomy":"product_tag","embeddable":true,"href":"https:\/\/www.epicerie-lasource.org\/magasin\/wp-json\/wp\/v2\/product_tag?post=54015"}],"curies":[{"name":"wp","href":"https:\/\/api.w.org\/{rel}","templated":true}]}}