{"id":53940,"date":"2025-04-28T18:35:58","date_gmt":"2025-04-28T16:35:58","guid":{"rendered":"https:\/\/www.epicerie-lasource.org\/magasin\/?post_type=product&#038;p=53940"},"modified":"2025-04-28T18:38:26","modified_gmt":"2025-04-28T16:38:26","slug":"coffret-3-parfums-relax-love-harmony-3x15ml-2","status":"publish","type":"product","link":"https:\/\/www.epicerie-lasource.org\/magasin\/produit\/coffret-3-parfums-relax-love-harmony-3x15ml-2\/","title":{"rendered":"Coffret 3 Parfums Relax\/Love\/Harmony 3x15ml"},"content":{"rendered":"","protected":false},"excerpt":{"rendered":"<p>Le coffret d\u00e9couverte Eau de parfum Bio Mix &#038; Match COCOONING est le cadeau ludique et agr\u00e9able pour faire d\u00e9couvrir la parfumerie bio et \u00e9thique. Fabriqu\u00e9e en France, V\u00e9gan, 100% d\u2019origine naturelle et rechargeable, les Eaux de parfum Be Positive sont les fragrances qui prendront soin de vos proches et de la plan\u00e8te.<br \/>\nEvadez-vous et coupez le moment d\u2019un instant avec le monde qui vous entoure. Les notes fraiches de la Figue d\u2019\u00e9t\u00e9 lib\u00e8rent leurs effets apaisants et relaxants et se m\u00ealent aux effluves d\u00e9licats du Th\u00e9 blanc. Une parenth\u00e8se douceur garantie avec l\u2019Eau de parfum Bio RELAX pour un instant cocooning.<\/p>\n<p>Des couples captivants pour les addicts de douceur !<\/p>\n<p>La douceur de la Vanille s\u2019entrem\u00eale \u00e0 la d\u00e9licatesse du Th\u00e9 blanc pour une escapade romantique pleine de s\u00e9r\u00e9nit\u00e9. Mixer l\u2019Eau de parfum Bio LOVE et l\u2019Eau de parfum Bio RELAX c\u2019est profiter d\u2019un instant cocooning rien qu\u2019\u00e0 soi pour un effet l\u00e2cher-prise imm\u00e9diat.<\/p>\n<p>Laissez-vous porter par les notes s\u00e9curisantes et r\u00e9confortantes de la Vanille et de la Fleur de cerisier pour un match 100% tendresse. Un sillage ambr\u00e9 et fleuri pour retrouver \u00e9quilibre et s\u2019entourer d\u2019une \u00e9nergie sereine et protectrice.<\/p>\n","protected":false},"featured_media":53941,"comment_status":"closed","ping_status":"closed","template":"","meta":[],"product_cat":[207,652],"product_tag":[],"supplier_id":35273,"supplier_sku":"","atum_controlled":true,"out_stock_date":null,"out_stock_threshold":null,"inheritable":false,"inbound_stock":null,"stock_on_hold":0,"sold_today":0,"sales_last_days":0,"out_stock_days":0,"lost_sales":0,"has_location":false,"update_date":"2026-05-02T22:29:03","atum_locations":[],"atum_stock_status":"instock","restock_status":false,"low_stock_amount":"","sales_update_date":"2026-05-02T22:29:03","calc_backorders":null,"_links":{"self":[{"href":"https:\/\/www.epicerie-lasource.org\/magasin\/wp-json\/wp\/v2\/product\/53940"}],"collection":[{"href":"https:\/\/www.epicerie-lasource.org\/magasin\/wp-json\/wp\/v2\/product"}],"about":[{"href":"https:\/\/www.epicerie-lasource.org\/magasin\/wp-json\/wp\/v2\/types\/product"}],"replies":[{"embeddable":true,"href":"https:\/\/www.epicerie-lasource.org\/magasin\/wp-json\/wp\/v2\/comments?post=53940"}],"wp:featuredmedia":[{"embeddable":true,"href":"https:\/\/www.epicerie-lasource.org\/magasin\/wp-json\/wp\/v2\/media\/53941"}],"wp:attachment":[{"href":"https:\/\/www.epicerie-lasource.org\/magasin\/wp-json\/wp\/v2\/media?parent=53940"}],"wp:term":[{"taxonomy":"product_cat","embeddable":true,"href":"https:\/\/www.epicerie-lasource.org\/magasin\/wp-json\/wp\/v2\/product_cat?post=53940"},{"taxonomy":"product_tag","embeddable":true,"href":"https:\/\/www.epicerie-lasource.org\/magasin\/wp-json\/wp\/v2\/product_tag?post=53940"}],"curies":[{"name":"wp","href":"https:\/\/api.w.org\/{rel}","templated":true}]}}