{"id":53649,"date":"2025-04-17T13:36:43","date_gmt":"2025-04-17T11:36:43","guid":{"rendered":"https:\/\/www.epicerie-lasource.org\/magasin\/?post_type=product&#038;p=53649"},"modified":"2026-01-14T17:04:53","modified_gmt":"2026-01-14T16:04:53","slug":"romarin-flocon-bio-reemploi-id-bio-16-g","status":"publish","type":"product","link":"https:\/\/www.epicerie-lasource.org\/magasin\/produit\/romarin-flocon-bio-reemploi-id-bio-16-g\/","title":{"rendered":"Romarin flocon bio (reemploi) &#8211; ID Bio &#8211; 16 g"},"content":{"rendered":"","protected":false},"excerpt":{"rendered":"<p>Le romarin est un aromate incontournable pour sublimer vos grillades et ajouter une note parfum\u00e9e \u00e0 vos sauces. Il fait \u00e9galement partie int\u00e9grante de notre m\u00e9lange d\u2019herbes de Provence, offrant une saveur authentique et savoureuse \u00e0 vos recettes.<\/p>\n<p>En choisissant ce Romarin Bio, vous soutenez l\u2019agriculture durable tout en profitant d\u2019un produit naturel et plein de saveurs.<\/p>\n","protected":false},"featured_media":53650,"comment_status":"closed","ping_status":"closed","template":"","meta":[],"product_cat":[652,63,704],"product_tag":[],"supplier_id":23768,"supplier_sku":"","atum_controlled":true,"out_stock_date":null,"out_stock_threshold":null,"inheritable":false,"inbound_stock":null,"stock_on_hold":0,"sold_today":0,"sales_last_days":0,"out_stock_days":0,"lost_sales":0,"has_location":false,"update_date":"2026-05-06T22:29:47","atum_locations":[],"atum_stock_status":"instock","restock_status":false,"low_stock_amount":"","sales_update_date":"2026-05-06T22:29:47","calc_backorders":0,"_links":{"self":[{"href":"https:\/\/www.epicerie-lasource.org\/magasin\/wp-json\/wp\/v2\/product\/53649"}],"collection":[{"href":"https:\/\/www.epicerie-lasource.org\/magasin\/wp-json\/wp\/v2\/product"}],"about":[{"href":"https:\/\/www.epicerie-lasource.org\/magasin\/wp-json\/wp\/v2\/types\/product"}],"replies":[{"embeddable":true,"href":"https:\/\/www.epicerie-lasource.org\/magasin\/wp-json\/wp\/v2\/comments?post=53649"}],"wp:featuredmedia":[{"embeddable":true,"href":"https:\/\/www.epicerie-lasource.org\/magasin\/wp-json\/wp\/v2\/media\/53650"}],"wp:attachment":[{"href":"https:\/\/www.epicerie-lasource.org\/magasin\/wp-json\/wp\/v2\/media?parent=53649"}],"wp:term":[{"taxonomy":"product_cat","embeddable":true,"href":"https:\/\/www.epicerie-lasource.org\/magasin\/wp-json\/wp\/v2\/product_cat?post=53649"},{"taxonomy":"product_tag","embeddable":true,"href":"https:\/\/www.epicerie-lasource.org\/magasin\/wp-json\/wp\/v2\/product_tag?post=53649"}],"curies":[{"name":"wp","href":"https:\/\/api.w.org\/{rel}","templated":true}]}}