{"id":53051,"date":"2025-03-27T15:18:20","date_gmt":"2025-03-27T14:18:20","guid":{"rendered":"https:\/\/www.epicerie-lasource.org\/magasin\/?post_type=product&#038;p=53051"},"modified":"2026-04-08T18:03:21","modified_gmt":"2026-04-08T16:03:21","slug":"sardines-a-lancienne-a-lhuile-dolive-au-piment-et-aromates-115-gr","status":"publish","type":"product","link":"https:\/\/www.epicerie-lasource.org\/magasin\/produit\/sardines-a-lancienne-a-lhuile-dolive-au-piment-et-aromates-115-gr\/","title":{"rendered":"Sardines a l ancienne \u00e0 l huile d olive au piment et aromates 115 gr"},"content":{"rendered":"","protected":false},"excerpt":{"rendered":"<p>Les sardines \u00e0 l&rsquo;huile d&rsquo;olive, au piment et aromates sont pr\u00e9par\u00e9es \u00e0 l&rsquo;ancienne, c&rsquo;est \u00e0 dire qu&rsquo;elles sont l\u00e9g\u00e8rement frites dans l&rsquo;huile apr\u00e8s un \u00e9vidage et un \u00e9t\u00eatage soign\u00e9. Elles sont alors recouvertes d&rsquo;une huile d&rsquo;olive vierge extra premi\u00e8re pression \u00e0 froid. Chaque boite contient entre 4 et 6 sardines, ceci d\u00e9pendant de la taille du poisson. N&rsquo;h\u00e9sitez pas \u00e0 conserver vos boites en les retournant de temps en temps : les sardines \u00e0 l&rsquo;ancienne sont comme le bon vin, elles se bonifient en vieillissant !<br \/>\nIngr\u00e9dients<\/p>\n<p>SARDINES (Sardina pilchardus), huile d\u2019olive vierge extra, oignons 2,6%, piment saumur\u00e9 1,5% (piment, vinaigre d\u2019alcool, sel acidifiant : acide citrique, affermissant : chlorure de calcium), sel, cornichons saumur\u00e9s 0,9% (cornichon, vinaigre d\u2019alcool, sel, affermissant : chlorure de calcium). Sardines p\u00each\u00e9es en Oc\u00e9an Atlantique Nord-est et d\u00e9barqu\u00e9es en Bretagne.<\/p>\n","protected":false},"featured_media":53050,"comment_status":"closed","ping_status":"closed","template":"","meta":[],"product_cat":[652,449],"product_tag":[],"supplier_id":24938,"supplier_sku":"","atum_controlled":true,"out_stock_date":null,"out_stock_threshold":null,"inheritable":false,"inbound_stock":null,"stock_on_hold":0,"sold_today":0,"sales_last_days":1,"out_stock_days":0,"lost_sales":0,"has_location":false,"update_date":"2026-04-09T22:11:51","atum_locations":[],"atum_stock_status":"instock","restock_status":false,"low_stock_amount":"","sales_update_date":"2026-04-09T22:11:51","calc_backorders":0,"_links":{"self":[{"href":"https:\/\/www.epicerie-lasource.org\/magasin\/wp-json\/wp\/v2\/product\/53051"}],"collection":[{"href":"https:\/\/www.epicerie-lasource.org\/magasin\/wp-json\/wp\/v2\/product"}],"about":[{"href":"https:\/\/www.epicerie-lasource.org\/magasin\/wp-json\/wp\/v2\/types\/product"}],"replies":[{"embeddable":true,"href":"https:\/\/www.epicerie-lasource.org\/magasin\/wp-json\/wp\/v2\/comments?post=53051"}],"wp:featuredmedia":[{"embeddable":true,"href":"https:\/\/www.epicerie-lasource.org\/magasin\/wp-json\/wp\/v2\/media\/53050"}],"wp:attachment":[{"href":"https:\/\/www.epicerie-lasource.org\/magasin\/wp-json\/wp\/v2\/media?parent=53051"}],"wp:term":[{"taxonomy":"product_cat","embeddable":true,"href":"https:\/\/www.epicerie-lasource.org\/magasin\/wp-json\/wp\/v2\/product_cat?post=53051"},{"taxonomy":"product_tag","embeddable":true,"href":"https:\/\/www.epicerie-lasource.org\/magasin\/wp-json\/wp\/v2\/product_tag?post=53051"}],"curies":[{"name":"wp","href":"https:\/\/api.w.org\/{rel}","templated":true}]}}