{"id":52919,"date":"2025-03-24T11:25:54","date_gmt":"2025-03-24T10:25:54","guid":{"rendered":"https:\/\/www.epicerie-lasource.org\/magasin\/?post_type=product&#038;p=52919"},"modified":"2026-01-19T10:50:42","modified_gmt":"2026-01-19T09:50:42","slug":"couscous-7-legumes-680-g-bio-prosain","status":"publish","type":"product","link":"https:\/\/www.epicerie-lasource.org\/magasin\/produit\/couscous-7-legumes-680-g-bio-prosain\/","title":{"rendered":"M\u00e9lange l\u00e9gumes couscous bocal 660g"},"content":{"rendered":"","protected":false},"excerpt":{"rendered":"<h2 class=\"\">INGR\u00c9DIENTS<\/h2>\n<div class=\"\">\n<p>Eau, navet, carotte, courgette, pois chiche, garniture de CELERI et poivron, pur\u00e9e de tomate double concentr\u00e9e, sel, huile de colza, \u00e9pices, oignon grill\u00e9 en poudre.<\/p>\n<p><span class=\"allergenes_produit\">Les ingr\u00e9dients renseign\u00e9s en majuscule attestent des allerg\u00e8nes pr\u00e9sents dans le ou les produits.<\/span><\/p>\n<\/div>\n<div>\n<h2 class=\"\">VALEURS NUTRITIONNELLES<\/h2>\n<div class=\"\">\n<p>Energie 111 kJ \/ 27 kcal,<\/p>\n<p>Mati\u00e8res grasses 0.5g dont acides gras satur\u00e9s 0g,<\/p>\n<p>Glucides 3.5g dont sucres 1.7g,<\/p>\n<p>Prot\u00e9ines 1.2g,<\/p>\n<p>Sel 0.44g<\/p>\n<\/div>\n<\/div>\n","protected":false},"featured_media":61003,"comment_status":"closed","ping_status":"closed","template":"","meta":[],"product_cat":[652,63,708],"product_tag":[],"supplier_id":48659,"supplier_sku":"","atum_controlled":true,"out_stock_date":"2025-06-25 10:06:45","out_stock_threshold":null,"inheritable":false,"inbound_stock":null,"stock_on_hold":0,"sold_today":0,"sales_last_days":2,"out_stock_days":292,"lost_sales":144.33142857143,"has_location":false,"update_date":"2026-04-13T22:13:52","atum_locations":[],"atum_stock_status":"instock","restock_status":false,"low_stock_amount":"","sales_update_date":"2026-04-13T22:13:51","calc_backorders":null,"_links":{"self":[{"href":"https:\/\/www.epicerie-lasource.org\/magasin\/wp-json\/wp\/v2\/product\/52919"}],"collection":[{"href":"https:\/\/www.epicerie-lasource.org\/magasin\/wp-json\/wp\/v2\/product"}],"about":[{"href":"https:\/\/www.epicerie-lasource.org\/magasin\/wp-json\/wp\/v2\/types\/product"}],"replies":[{"embeddable":true,"href":"https:\/\/www.epicerie-lasource.org\/magasin\/wp-json\/wp\/v2\/comments?post=52919"}],"wp:featuredmedia":[{"embeddable":true,"href":"https:\/\/www.epicerie-lasource.org\/magasin\/wp-json\/wp\/v2\/media\/61003"}],"wp:attachment":[{"href":"https:\/\/www.epicerie-lasource.org\/magasin\/wp-json\/wp\/v2\/media?parent=52919"}],"wp:term":[{"taxonomy":"product_cat","embeddable":true,"href":"https:\/\/www.epicerie-lasource.org\/magasin\/wp-json\/wp\/v2\/product_cat?post=52919"},{"taxonomy":"product_tag","embeddable":true,"href":"https:\/\/www.epicerie-lasource.org\/magasin\/wp-json\/wp\/v2\/product_tag?post=52919"}],"curies":[{"name":"wp","href":"https:\/\/api.w.org\/{rel}","templated":true}]}}