{"id":52810,"date":"2025-03-21T12:59:35","date_gmt":"2025-03-21T11:59:35","guid":{"rendered":"https:\/\/www.epicerie-lasource.org\/magasin\/?post_type=product&#038;p=52810"},"modified":"2026-03-27T18:02:16","modified_gmt":"2026-03-27T17:02:16","slug":"infusion-de-the-vert-bio-uma-25-cl","status":"publish","type":"product","link":"https:\/\/www.epicerie-lasource.org\/magasin\/produit\/infusion-de-the-vert-bio-uma-25-cl\/","title":{"rendered":"Infusion de Th\u00e9 Vert bio &#8211; Uma &#8211; 25 cl"},"content":{"rendered":"","protected":false},"excerpt":{"rendered":"<p>Ingredients :<\/p>\n<p>Th\u00e9 vert, basilic, \u00e9corces de citron vert, miel, jus de citron.<\/p>\n<p>Provenance de notre th\u00e9 vert : Collines de Nelliyampathy (Kerala \u2013 1070 m\u00e8tres d\u2019altitude) \u2013 coop\u00e9rative POABS.<br \/>\nLe th\u00e9 vert est une feuille de th\u00e9 qui a subi une faible oxydation. Il se distingue par ses notes fra\u00eeches et v\u00e9g\u00e9tales. Nous le faisons subtilement infuser avec des feuilles de basilic qui soulignent sa saveur florale et avec des \u00e9corces de citron vert qui lui apportent un parfum l\u00e9g\u00e8rement acidul\u00e9<\/p>\n","protected":false},"featured_media":52819,"comment_status":"closed","ping_status":"closed","template":"","meta":[],"product_cat":[652,22,475],"product_tag":[],"supplier_id":23768,"supplier_sku":"","atum_controlled":true,"out_stock_date":null,"out_stock_threshold":null,"inheritable":false,"inbound_stock":null,"stock_on_hold":0,"sold_today":0,"sales_last_days":0,"out_stock_days":0,"lost_sales":0,"has_location":false,"update_date":"2026-05-04T22:30:37","atum_locations":[],"atum_stock_status":"instock","restock_status":false,"low_stock_amount":"","sales_update_date":"2026-05-04T22:30:37","calc_backorders":0,"_links":{"self":[{"href":"https:\/\/www.epicerie-lasource.org\/magasin\/wp-json\/wp\/v2\/product\/52810"}],"collection":[{"href":"https:\/\/www.epicerie-lasource.org\/magasin\/wp-json\/wp\/v2\/product"}],"about":[{"href":"https:\/\/www.epicerie-lasource.org\/magasin\/wp-json\/wp\/v2\/types\/product"}],"replies":[{"embeddable":true,"href":"https:\/\/www.epicerie-lasource.org\/magasin\/wp-json\/wp\/v2\/comments?post=52810"}],"wp:featuredmedia":[{"embeddable":true,"href":"https:\/\/www.epicerie-lasource.org\/magasin\/wp-json\/wp\/v2\/media\/52819"}],"wp:attachment":[{"href":"https:\/\/www.epicerie-lasource.org\/magasin\/wp-json\/wp\/v2\/media?parent=52810"}],"wp:term":[{"taxonomy":"product_cat","embeddable":true,"href":"https:\/\/www.epicerie-lasource.org\/magasin\/wp-json\/wp\/v2\/product_cat?post=52810"},{"taxonomy":"product_tag","embeddable":true,"href":"https:\/\/www.epicerie-lasource.org\/magasin\/wp-json\/wp\/v2\/product_tag?post=52810"}],"curies":[{"name":"wp","href":"https:\/\/api.w.org\/{rel}","templated":true}]}}