{"id":50407,"date":"2024-12-14T21:37:49","date_gmt":"2024-12-14T20:37:49","guid":{"rendered":"https:\/\/www.epicerie-lasource.org\/magasin\/?post_type=product&#038;p=50407"},"modified":"2026-03-17T08:22:22","modified_gmt":"2026-03-17T07:22:22","slug":"boisson-a-lavoine-barista-the-bridge-bio-1l","status":"publish","type":"product","link":"https:\/\/www.epicerie-lasource.org\/magasin\/produit\/boisson-a-lavoine-barista-the-bridge-bio-1l\/","title":{"rendered":"Boisson a l avoine Barista &#8211; The Bridge bio 1l"},"content":{"rendered":"","protected":false},"excerpt":{"rendered":"<div class=\"wpb_text_column wpb_content_element\">\n<div class=\"wpb_wrapper\">\n<h5>The Bridge est une excellente alternative au lait de vache dans la pr\u00e9paration de vos boissons, desserts et de vos plats. Cette version sp\u00e9ciale Barista s&rsquo;adresse notamment aux amateurs du caf\u00e9 qui souhaite obtenir une texture plus onctueuse et cr\u00e9meuse. Le lait d&rsquo;avoine sa marie \u00e0 merveille avec le caf\u00e9 ou encore les chocolats chauds.<\/h5>\n<h5>Ingr\u00e9dients :<\/h5>\n<h5>Eau de source<strong>,Avoine <\/strong>\u00a0bio (14%),Huile de tournesol bio,Huile de carthame bio,Sel marin<br \/>\nPeut contenir des traces de<strong> soja<\/strong><\/h5>\n<\/div>\n<\/div>\n","protected":false},"featured_media":50408,"comment_status":"closed","ping_status":"closed","template":"","meta":[],"product_cat":[22,678],"product_tag":[],"supplier_id":23768,"supplier_sku":"","atum_controlled":true,"out_stock_date":null,"out_stock_threshold":null,"inheritable":false,"inbound_stock":null,"stock_on_hold":0,"sold_today":0,"sales_last_days":0,"out_stock_days":0,"lost_sales":0,"has_location":false,"update_date":"2026-05-15T22:46:20","atum_locations":[],"atum_stock_status":"instock","restock_status":false,"low_stock_amount":2,"sales_update_date":"2026-05-15T22:46:20","calc_backorders":0,"_links":{"self":[{"href":"https:\/\/www.epicerie-lasource.org\/magasin\/wp-json\/wp\/v2\/product\/50407"}],"collection":[{"href":"https:\/\/www.epicerie-lasource.org\/magasin\/wp-json\/wp\/v2\/product"}],"about":[{"href":"https:\/\/www.epicerie-lasource.org\/magasin\/wp-json\/wp\/v2\/types\/product"}],"replies":[{"embeddable":true,"href":"https:\/\/www.epicerie-lasource.org\/magasin\/wp-json\/wp\/v2\/comments?post=50407"}],"wp:featuredmedia":[{"embeddable":true,"href":"https:\/\/www.epicerie-lasource.org\/magasin\/wp-json\/wp\/v2\/media\/50408"}],"wp:attachment":[{"href":"https:\/\/www.epicerie-lasource.org\/magasin\/wp-json\/wp\/v2\/media?parent=50407"}],"wp:term":[{"taxonomy":"product_cat","embeddable":true,"href":"https:\/\/www.epicerie-lasource.org\/magasin\/wp-json\/wp\/v2\/product_cat?post=50407"},{"taxonomy":"product_tag","embeddable":true,"href":"https:\/\/www.epicerie-lasource.org\/magasin\/wp-json\/wp\/v2\/product_tag?post=50407"}],"curies":[{"name":"wp","href":"https:\/\/api.w.org\/{rel}","templated":true}]}}