{"id":50024,"date":"2025-05-21T14:26:53","date_gmt":"2025-05-21T12:26:53","guid":{"rendered":"https:\/\/www.epicerie-lasource.org\/magasin\/?post_type=product&#038;p=50024"},"modified":"2026-02-05T16:53:46","modified_gmt":"2026-02-05T15:53:46","slug":"coffret-de-4-baumes-apaisant-adoucissant-artisanal-naturel-la-savonnerie-des-flandres","status":"publish","type":"product","link":"https:\/\/www.epicerie-lasource.org\/magasin\/produit\/coffret-de-4-baumes-apaisant-adoucissant-artisanal-naturel-la-savonnerie-des-flandres\/","title":{"rendered":"Coffret de 4 baumes Apaisant +Adoucissant -artisanal +naturel- La savonnerie des Flandres"},"content":{"rendered":"","protected":false},"excerpt":{"rendered":"<p>Les 4 baumes de la savonnerie dans un superbe coffret imprim\u00e9 !<br \/>\nBaume n\u00b01 : Coco et Amande Douce &#8211; Apaisant et adoucissant<br \/>\nBaume n\u00b02 : Nigelle, c\u00e8dre et patchouli &#8211; Purifiant et r\u00e9g\u00e9n\u00e9rant<br \/>\nBaume n\u00b03 : Avocat&rsquo; lits\u00e9e citronn\u00e9e et Amande verte &#8211; Tonifiant et nourrissant<br \/>\nBaume n\u00b04 : Argan et g\u00e9ranium &#8211; R\u00e9g\u00e9n\u00e9rant et assouplissant<\/p>\n","protected":false},"featured_media":50039,"comment_status":"closed","ping_status":"closed","template":"","meta":[],"product_cat":[207,652],"product_tag":[],"supplier_id":null,"supplier_sku":"","atum_controlled":true,"out_stock_date":null,"out_stock_threshold":null,"inheritable":false,"inbound_stock":null,"stock_on_hold":0,"sold_today":0,"sales_last_days":0,"out_stock_days":0,"lost_sales":0,"has_location":false,"update_date":"2026-04-13T22:12:28","atum_locations":[],"atum_stock_status":"instock","restock_status":false,"low_stock_amount":"","sales_update_date":"2026-04-13T22:12:28","calc_backorders":null,"_links":{"self":[{"href":"https:\/\/www.epicerie-lasource.org\/magasin\/wp-json\/wp\/v2\/product\/50024"}],"collection":[{"href":"https:\/\/www.epicerie-lasource.org\/magasin\/wp-json\/wp\/v2\/product"}],"about":[{"href":"https:\/\/www.epicerie-lasource.org\/magasin\/wp-json\/wp\/v2\/types\/product"}],"replies":[{"embeddable":true,"href":"https:\/\/www.epicerie-lasource.org\/magasin\/wp-json\/wp\/v2\/comments?post=50024"}],"wp:featuredmedia":[{"embeddable":true,"href":"https:\/\/www.epicerie-lasource.org\/magasin\/wp-json\/wp\/v2\/media\/50039"}],"wp:attachment":[{"href":"https:\/\/www.epicerie-lasource.org\/magasin\/wp-json\/wp\/v2\/media?parent=50024"}],"wp:term":[{"taxonomy":"product_cat","embeddable":true,"href":"https:\/\/www.epicerie-lasource.org\/magasin\/wp-json\/wp\/v2\/product_cat?post=50024"},{"taxonomy":"product_tag","embeddable":true,"href":"https:\/\/www.epicerie-lasource.org\/magasin\/wp-json\/wp\/v2\/product_tag?post=50024"}],"curies":[{"name":"wp","href":"https:\/\/api.w.org\/{rel}","templated":true}]}}