{"id":49540,"date":"2024-11-11T19:48:38","date_gmt":"2024-11-11T18:48:38","guid":{"rendered":"https:\/\/www.epicerie-lasource.org\/magasin\/?post_type=product&#038;p=49540"},"modified":"2026-02-06T17:34:25","modified_gmt":"2026-02-06T16:34:25","slug":"4-bouchees-a-garnir-artisanales-boite-140-grs","status":"publish","type":"product","link":"https:\/\/www.epicerie-lasource.org\/magasin\/produit\/4-bouchees-a-garnir-artisanales-boite-140-grs\/","title":{"rendered":"4 bouch\u00e9es \u00e0 garnir artisanales bo\u00eete 140 grs"},"content":{"rendered":"","protected":false},"excerpt":{"rendered":"<p>Farine de BLE, huiles et graisses v\u00e9g\u00e9tales raffin\u00e9es (Origine Belgique) ([palme, colza],eau, sel, \u00e9mulsifiants: mono et diglyc\u00e9rides d&rsquo;acides gras, acidifiant: acide citrique, colorant : B-Carot\u00e8ne, ar\u00f4me), eau, OEUF, Sel, GLUTEN DE BLE.<\/p>\n","protected":false},"featured_media":49541,"comment_status":"closed","ping_status":"closed","template":"","meta":[],"product_cat":[156,652],"product_tag":[],"supplier_id":23966,"supplier_sku":"","atum_controlled":true,"out_stock_date":null,"out_stock_threshold":null,"inheritable":false,"inbound_stock":null,"stock_on_hold":0,"sold_today":0,"sales_last_days":0,"out_stock_days":0,"lost_sales":0,"has_location":false,"update_date":"2026-04-14T22:12:20","atum_locations":[],"atum_stock_status":"onbackorder","restock_status":false,"low_stock_amount":2,"sales_update_date":"2026-04-14T22:12:20","calc_backorders":-3,"_links":{"self":[{"href":"https:\/\/www.epicerie-lasource.org\/magasin\/wp-json\/wp\/v2\/product\/49540"}],"collection":[{"href":"https:\/\/www.epicerie-lasource.org\/magasin\/wp-json\/wp\/v2\/product"}],"about":[{"href":"https:\/\/www.epicerie-lasource.org\/magasin\/wp-json\/wp\/v2\/types\/product"}],"replies":[{"embeddable":true,"href":"https:\/\/www.epicerie-lasource.org\/magasin\/wp-json\/wp\/v2\/comments?post=49540"}],"wp:featuredmedia":[{"embeddable":true,"href":"https:\/\/www.epicerie-lasource.org\/magasin\/wp-json\/wp\/v2\/media\/49541"}],"wp:attachment":[{"href":"https:\/\/www.epicerie-lasource.org\/magasin\/wp-json\/wp\/v2\/media?parent=49540"}],"wp:term":[{"taxonomy":"product_cat","embeddable":true,"href":"https:\/\/www.epicerie-lasource.org\/magasin\/wp-json\/wp\/v2\/product_cat?post=49540"},{"taxonomy":"product_tag","embeddable":true,"href":"https:\/\/www.epicerie-lasource.org\/magasin\/wp-json\/wp\/v2\/product_tag?post=49540"}],"curies":[{"name":"wp","href":"https:\/\/api.w.org\/{rel}","templated":true}]}}