{"id":48693,"date":"2024-10-06T22:39:12","date_gmt":"2024-10-06T20:39:12","guid":{"rendered":"https:\/\/www.epicerie-lasource.org\/magasin\/?post_type=product&#038;p=48693"},"modified":"2026-04-01T20:59:46","modified_gmt":"2026-04-01T18:59:46","slug":"biscottes-completes-aux-graines-de-lin-270-grs-bio","status":"publish","type":"product","link":"https:\/\/www.epicerie-lasource.org\/magasin\/produit\/biscottes-completes-aux-graines-de-lin-270-grs-bio\/","title":{"rendered":"Biscottes compl\u00e8tes aux graines de lin 270 grs BIO"},"content":{"rendered":"","protected":false},"excerpt":{"rendered":"<p>Biscottes a la farine compl\u00e8te et aux graines de lin<br \/>\nIngr\u00e9dients : farine de bl\u00e9 compl\u00e8te T150* 83%, graines de lin* 5%, huile d\u2019olive extra vierge*4%, levure de boulanger, fibres d\u2019avoine*, gluten de bl\u00e9*, sel.<br \/>\nFabriqu\u00e9 dans un atelier qui utilise : graines de s\u00e9same<br \/>\n*ingr\u00e9dients issus de l\u2019agriculture biologique<br \/>\n** contient des sucres naturellement pr\u00e9sents<\/p>\n","protected":false},"featured_media":48694,"comment_status":"closed","ping_status":"closed","template":"","meta":[],"product_cat":[156,652],"product_tag":[],"supplier_id":48659,"supplier_sku":"","atum_controlled":true,"out_stock_date":null,"out_stock_threshold":null,"inheritable":false,"inbound_stock":null,"stock_on_hold":0,"sold_today":0,"sales_last_days":1,"out_stock_days":0,"lost_sales":0,"has_location":false,"update_date":"2026-04-13T22:12:39","atum_locations":[],"atum_stock_status":"instock","restock_status":false,"low_stock_amount":"","sales_update_date":"2026-04-13T22:12:39","calc_backorders":null,"_links":{"self":[{"href":"https:\/\/www.epicerie-lasource.org\/magasin\/wp-json\/wp\/v2\/product\/48693"}],"collection":[{"href":"https:\/\/www.epicerie-lasource.org\/magasin\/wp-json\/wp\/v2\/product"}],"about":[{"href":"https:\/\/www.epicerie-lasource.org\/magasin\/wp-json\/wp\/v2\/types\/product"}],"replies":[{"embeddable":true,"href":"https:\/\/www.epicerie-lasource.org\/magasin\/wp-json\/wp\/v2\/comments?post=48693"}],"wp:featuredmedia":[{"embeddable":true,"href":"https:\/\/www.epicerie-lasource.org\/magasin\/wp-json\/wp\/v2\/media\/48694"}],"wp:attachment":[{"href":"https:\/\/www.epicerie-lasource.org\/magasin\/wp-json\/wp\/v2\/media?parent=48693"}],"wp:term":[{"taxonomy":"product_cat","embeddable":true,"href":"https:\/\/www.epicerie-lasource.org\/magasin\/wp-json\/wp\/v2\/product_cat?post=48693"},{"taxonomy":"product_tag","embeddable":true,"href":"https:\/\/www.epicerie-lasource.org\/magasin\/wp-json\/wp\/v2\/product_tag?post=48693"}],"curies":[{"name":"wp","href":"https:\/\/api.w.org\/{rel}","templated":true}]}}