{"id":48690,"date":"2024-10-06T22:35:10","date_gmt":"2024-10-06T20:35:10","guid":{"rendered":"https:\/\/www.epicerie-lasource.org\/magasin\/?post_type=product&#038;p=48690"},"modified":"2026-03-27T13:16:44","modified_gmt":"2026-03-27T12:16:44","slug":"biscotte-complete-a-lhuile-dolive-270-grs-bio","status":"publish","type":"product","link":"https:\/\/www.epicerie-lasource.org\/magasin\/produit\/biscotte-complete-a-lhuile-dolive-270-grs-bio\/","title":{"rendered":"Biscotte compl\u00e8te \u00e0 l&rsquo;huile d&rsquo;olive 270 grs BIO"},"content":{"rendered":"","protected":false},"excerpt":{"rendered":"<p>Biscottes \u00e0 la farine compl\u00e8te<br \/>\nIngr\u00e9dients : Farine de bl\u00e9 compl\u00e8te T150* 92%, huile d&rsquo;olive vierge extra*4%, gluten de bl\u00e9*, levure de boulangerie, sel.<br \/>\nFabriqu\u00e9 dans un atelier qui utilise : graines de s\u00e9same<br \/>\n*ingr\u00e9dients issus de l\u2019agriculture biologique<br \/>\n** contient des sucres naturellement pr\u00e9sents<\/p>\n","protected":false},"featured_media":48692,"comment_status":"closed","ping_status":"closed","template":"","meta":[],"product_cat":[156,652],"product_tag":[],"supplier_id":48659,"supplier_sku":"","atum_controlled":true,"out_stock_date":null,"out_stock_threshold":null,"inheritable":false,"inbound_stock":null,"stock_on_hold":0,"sold_today":0,"sales_last_days":3,"out_stock_days":0,"lost_sales":0,"has_location":false,"update_date":"2026-04-13T22:13:43","atum_locations":[],"atum_stock_status":"instock","restock_status":false,"low_stock_amount":"","sales_update_date":"2026-04-13T22:13:42","calc_backorders":null,"_links":{"self":[{"href":"https:\/\/www.epicerie-lasource.org\/magasin\/wp-json\/wp\/v2\/product\/48690"}],"collection":[{"href":"https:\/\/www.epicerie-lasource.org\/magasin\/wp-json\/wp\/v2\/product"}],"about":[{"href":"https:\/\/www.epicerie-lasource.org\/magasin\/wp-json\/wp\/v2\/types\/product"}],"replies":[{"embeddable":true,"href":"https:\/\/www.epicerie-lasource.org\/magasin\/wp-json\/wp\/v2\/comments?post=48690"}],"wp:featuredmedia":[{"embeddable":true,"href":"https:\/\/www.epicerie-lasource.org\/magasin\/wp-json\/wp\/v2\/media\/48692"}],"wp:attachment":[{"href":"https:\/\/www.epicerie-lasource.org\/magasin\/wp-json\/wp\/v2\/media?parent=48690"}],"wp:term":[{"taxonomy":"product_cat","embeddable":true,"href":"https:\/\/www.epicerie-lasource.org\/magasin\/wp-json\/wp\/v2\/product_cat?post=48690"},{"taxonomy":"product_tag","embeddable":true,"href":"https:\/\/www.epicerie-lasource.org\/magasin\/wp-json\/wp\/v2\/product_tag?post=48690"}],"curies":[{"name":"wp","href":"https:\/\/api.w.org\/{rel}","templated":true}]}}