{"id":43192,"date":"2024-01-30T11:07:18","date_gmt":"2024-01-30T10:07:18","guid":{"rendered":"https:\/\/www.epicerie-lasource.org\/magasin\/?post_type=product&#038;p=43192"},"modified":"2026-04-30T13:17:57","modified_gmt":"2026-04-30T11:17:57","slug":"vrac-penne-complete-iris-bio","status":"publish","type":"product","link":"https:\/\/www.epicerie-lasource.org\/magasin\/produit\/vrac-penne-complete-iris-bio\/","title":{"rendered":"Vrac- P\u00e2tes Penne Compl\u00e8te Iris Bio"},"content":{"rendered":"","protected":false},"excerpt":{"rendered":"<p>Penne Compl\u00e8te BIO &lsquo;IRIS&rsquo; VRAC au choix.<\/p>\n","protected":false},"featured_media":34378,"comment_status":"closed","ping_status":"closed","template":"","meta":[],"product_cat":[715,652,63,700],"product_tag":[],"supplier_id":null,"supplier_sku":"","atum_controlled":true,"out_stock_date":null,"out_stock_threshold":null,"inheritable":true,"inbound_stock":null,"stock_on_hold":0,"sold_today":0,"sales_last_days":1.995,"out_stock_days":0,"lost_sales":0,"has_location":false,"update_date":"2026-05-03T22:29:29","atum_locations":[],"atum_stock_status":"onbackorder","restock_status":false,"low_stock_amount":"","sales_update_date":"2026-05-03T22:29:29","calc_backorders":-33.401,"_links":{"self":[{"href":"https:\/\/www.epicerie-lasource.org\/magasin\/wp-json\/wp\/v2\/product\/43192"}],"collection":[{"href":"https:\/\/www.epicerie-lasource.org\/magasin\/wp-json\/wp\/v2\/product"}],"about":[{"href":"https:\/\/www.epicerie-lasource.org\/magasin\/wp-json\/wp\/v2\/types\/product"}],"replies":[{"embeddable":true,"href":"https:\/\/www.epicerie-lasource.org\/magasin\/wp-json\/wp\/v2\/comments?post=43192"}],"wp:featuredmedia":[{"embeddable":true,"href":"https:\/\/www.epicerie-lasource.org\/magasin\/wp-json\/wp\/v2\/media\/34378"}],"wp:attachment":[{"href":"https:\/\/www.epicerie-lasource.org\/magasin\/wp-json\/wp\/v2\/media?parent=43192"}],"wp:term":[{"taxonomy":"product_cat","embeddable":true,"href":"https:\/\/www.epicerie-lasource.org\/magasin\/wp-json\/wp\/v2\/product_cat?post=43192"},{"taxonomy":"product_tag","embeddable":true,"href":"https:\/\/www.epicerie-lasource.org\/magasin\/wp-json\/wp\/v2\/product_tag?post=43192"}],"curies":[{"name":"wp","href":"https:\/\/api.w.org\/{rel}","templated":true}]}}