{"id":41262,"date":"2023-11-06T19:36:22","date_gmt":"2023-11-06T18:36:22","guid":{"rendered":"https:\/\/www.epicerie-lasource.org\/magasin\/?post_type=product&#038;p=41262"},"modified":"2026-04-13T10:58:52","modified_gmt":"2026-04-13T08:58:52","slug":"tisane-apres-repas-digestion-facile-bio-sol-a-sol-50-g","status":"publish","type":"product","link":"https:\/\/www.epicerie-lasource.org\/magasin\/produit\/tisane-apres-repas-digestion-facile-bio-sol-a-sol-50-g\/","title":{"rendered":"Tisane Apr\u00e8s Repas \/ Digestion facile bio &#8211; Sol \u00e0 Sol &#8211; 100g"},"content":{"rendered":"","protected":false},"excerpt":{"rendered":"<p>Tisane Apr\u00e8s Repas \/ Digestion facile bio &#8211; Sol \u00e0 Sol &#8211; 50 g<\/p>\n<div class=\"wpb_row vc_row vc_row-fluid mk-fullwidth-false attched-false js-master-row mk-grid mk-in-viewport\" data-mk-stretch-content=\"true\">\n<div class=\"vc_col-sm-6 wpb_column column_container _ height-full\">\n<div class=\"wpb_row vc_inner vc_row vc_row-fluid attched-false \">\n<div class=\"wpb_column vc_column_container vc_col-sm-12\">\n<div class=\"vc_column-inner \">\n<div class=\"wpb_wrapper\">\n<div class=\" vc_custom_1594738121447\">\n<div id=\"text-block-8\" class=\"mk-text-block \">\n<p><em>*Issu de l\u2019agriculture biologique. <\/em><\/p>\n<\/div>\n<\/div>\n<\/div>\n<\/div>\n<\/div>\n<\/div>\n<\/div>\n<\/div>\n<div class=\"wpb_row vc_row vc_row-fluid mk-fullwidth-false attched-false js-master-row mk-grid mk-in-viewport\" data-mk-stretch-content=\"true\">\n<div class=\"vc_col-sm-4 wpb_column column_container _ height-full\">\n<div class=\"wpb_row vc_inner vc_row vc_row-fluid attched-false \">\n<div class=\"wpb_column vc_column_container vc_col-sm-12\">\n<div class=\"vc_column-inner \">\n<div class=\"wpb_wrapper\">\n<div class=\" vc_custom_1547213259031\">\n<div id=\"text-block-17\" class=\"mk-text-block \">\n<div class=\"subtitulo\">MODE DE PR\u00c9PARATION<\/div>\n<\/div>\n<\/div>\n<div class=\" vc_custom_1548278708383\">\n<div id=\"text-block-18\" class=\"mk-text-block \">\n<p>\u00b7 Laisser infuser 3 minutes, selon les go\u00fbts.<br \/>\n\u00b7 Utiliser deux cuiller\u00e9es par tasse.<br \/>\n\u00b7 Verser l\u2019eau fr\u00e9missante.<br \/>\n\u00b7 L\u2019eau ne doit pas bouillir afin de pr\u00e9server l\u2019ar\u00f4me et les propri\u00e9t\u00e9s du mat\u00e9, th\u00e9 ou infusion.<\/p>\n<\/div>\n<\/div>\n<\/div>\n<\/div>\n<\/div>\n<\/div>\n<\/div>\n<\/div>\n","protected":false},"featured_media":41263,"comment_status":"closed","ping_status":"closed","template":"","meta":[],"product_cat":[180,714,652],"product_tag":[],"supplier_id":23768,"supplier_sku":"","atum_controlled":true,"out_stock_date":null,"out_stock_threshold":null,"inheritable":false,"inbound_stock":null,"stock_on_hold":0,"sold_today":0,"sales_last_days":2,"out_stock_days":0,"lost_sales":0,"has_location":false,"update_date":"2026-05-02T22:28:18","atum_locations":[],"atum_stock_status":"instock","restock_status":false,"low_stock_amount":1,"sales_update_date":"2026-05-02T22:28:18","calc_backorders":0,"_links":{"self":[{"href":"https:\/\/www.epicerie-lasource.org\/magasin\/wp-json\/wp\/v2\/product\/41262"}],"collection":[{"href":"https:\/\/www.epicerie-lasource.org\/magasin\/wp-json\/wp\/v2\/product"}],"about":[{"href":"https:\/\/www.epicerie-lasource.org\/magasin\/wp-json\/wp\/v2\/types\/product"}],"replies":[{"embeddable":true,"href":"https:\/\/www.epicerie-lasource.org\/magasin\/wp-json\/wp\/v2\/comments?post=41262"}],"wp:featuredmedia":[{"embeddable":true,"href":"https:\/\/www.epicerie-lasource.org\/magasin\/wp-json\/wp\/v2\/media\/41263"}],"wp:attachment":[{"href":"https:\/\/www.epicerie-lasource.org\/magasin\/wp-json\/wp\/v2\/media?parent=41262"}],"wp:term":[{"taxonomy":"product_cat","embeddable":true,"href":"https:\/\/www.epicerie-lasource.org\/magasin\/wp-json\/wp\/v2\/product_cat?post=41262"},{"taxonomy":"product_tag","embeddable":true,"href":"https:\/\/www.epicerie-lasource.org\/magasin\/wp-json\/wp\/v2\/product_tag?post=41262"}],"curies":[{"name":"wp","href":"https:\/\/api.w.org\/{rel}","templated":true}]}}