{"id":41256,"date":"2023-11-06T19:23:35","date_gmt":"2023-11-06T18:23:35","guid":{"rendered":"https:\/\/www.epicerie-lasource.org\/magasin\/?post_type=product&#038;p=41256"},"modified":"2026-04-25T10:31:27","modified_gmt":"2026-04-25T08:31:27","slug":"schorle-menthe-fougueuse-bio-33-cl","status":"publish","type":"product","link":"https:\/\/www.epicerie-lasource.org\/magasin\/produit\/schorle-menthe-fougueuse-bio-33-cl\/","title":{"rendered":"Schorle Menthe Fougueuse Bio 33 cl"},"content":{"rendered":"","protected":false},"excerpt":{"rendered":"<p>Pour cette savoureuse cr\u00e9ation gazeuse, Les Filles de L&rsquo;Ouest utilisent du citron jaune de Sicile de la r\u00e9gion de Catane et de la menthe douce. Un mariage frais et l\u00e9g\u00e8rement acidul\u00e9 qui va vous accompagner tout l\u2019\u00e9t\u00e9 sur les terrasses ensoleill\u00e9es, \u00e0 l\u2019heure du d\u00e9jeuner ou de l\u2019ap\u00e9ro.<\/p>\n","protected":false},"featured_media":41257,"comment_status":"closed","ping_status":"closed","template":"","meta":[],"product_cat":[652,22,681],"product_tag":[],"supplier_id":23768,"supplier_sku":"","atum_controlled":true,"out_stock_date":null,"out_stock_threshold":null,"inheritable":false,"inbound_stock":null,"stock_on_hold":0,"sold_today":0,"sales_last_days":4,"out_stock_days":0,"lost_sales":0,"has_location":false,"update_date":"2026-05-05T22:30:27","atum_locations":[],"atum_stock_status":"onbackorder","restock_status":false,"low_stock_amount":"","sales_update_date":"2026-05-05T22:30:27","calc_backorders":-4,"_links":{"self":[{"href":"https:\/\/www.epicerie-lasource.org\/magasin\/wp-json\/wp\/v2\/product\/41256"}],"collection":[{"href":"https:\/\/www.epicerie-lasource.org\/magasin\/wp-json\/wp\/v2\/product"}],"about":[{"href":"https:\/\/www.epicerie-lasource.org\/magasin\/wp-json\/wp\/v2\/types\/product"}],"replies":[{"embeddable":true,"href":"https:\/\/www.epicerie-lasource.org\/magasin\/wp-json\/wp\/v2\/comments?post=41256"}],"wp:featuredmedia":[{"embeddable":true,"href":"https:\/\/www.epicerie-lasource.org\/magasin\/wp-json\/wp\/v2\/media\/41257"}],"wp:attachment":[{"href":"https:\/\/www.epicerie-lasource.org\/magasin\/wp-json\/wp\/v2\/media?parent=41256"}],"wp:term":[{"taxonomy":"product_cat","embeddable":true,"href":"https:\/\/www.epicerie-lasource.org\/magasin\/wp-json\/wp\/v2\/product_cat?post=41256"},{"taxonomy":"product_tag","embeddable":true,"href":"https:\/\/www.epicerie-lasource.org\/magasin\/wp-json\/wp\/v2\/product_tag?post=41256"}],"curies":[{"name":"wp","href":"https:\/\/api.w.org\/{rel}","templated":true}]}}