{"id":39490,"date":"2023-08-28T11:11:08","date_gmt":"2023-08-28T09:11:08","guid":{"rendered":"https:\/\/www.epicerie-lasource.org\/magasin\/?post_type=product&#038;p=39490"},"modified":"2026-03-25T21:45:08","modified_gmt":"2026-03-25T20:45:08","slug":"grande-lime-a-ongle-en-verre-etui-bois","status":"publish","type":"product","link":"https:\/\/www.epicerie-lasource.org\/magasin\/produit\/grande-lime-a-ongle-en-verre-etui-bois\/","title":{"rendered":"Grande lime \u00e0 ongle en verre &amp; \u00e9tui bois"},"content":{"rendered":"<p><strong>BIENVENUE DANS L\u2019UNIVERS DOUX, UTILE, \u00c9COLOGIQUE ET RESPONSABLE D\u2019ANA\u00c9<\/strong><\/p>\n<p>Ana\u00e9 est une jeune marque de produits et <strong>accessoires<\/strong> d\u00e9di\u00e9s \u00e0 la beaut\u00e9 et \u00e0 <strong>l\u2019hygi\u00e8ne au naturel<\/strong>.<br \/>\nConcevoir et proposer des produits \u00e9cologiques, responsables et accessibles \u00e0 toutes les salles de bain, telle est l\u2019ambition d\u2019Ana\u00e9 !<\/p>\n<p>Engag\u00e9e dans une<strong> d\u00e9marche globale d\u2019\u00e9coconception<\/strong>,\u00a0Ana\u00e9 fait le choix rigoureux de produits r\u00e9ellement utiles au quotidien, simples dans leur composition et multi-usages, personnalisables et adapt\u00e9s \u00e0 toutes les bourses pour que l\u2019utilisation de produits \u00e9cologiques soit un acte accessible au plus grand nombre.<\/p>\n<p>Ana\u00e9 encourage l\u2019agriculture biologique en favorisant, d\u00e8s que cela est possible, l\u2019utilisation d\u2019ingr\u00e9dients v\u00e9g\u00e9taux issus de cultures biologiques. Tous nos ingr\u00e9dients et nos mati\u00e8res premi\u00e8res ont \u00e9t\u00e9 choisis dans une logique de <strong>respect de notre Terre et des personnes<\/strong> qui contribuent \u00e0 ces produits.<\/p>\n","protected":false},"excerpt":{"rendered":"<h3>La<strong> Lime \u00e0 Ongles en Verre<\/strong> Ana\u00e9 est fournie avec un \u00e9tui en bois plaqu\u00e9 ch\u00eane.<\/h3>\n<p>En verre tremp\u00e9 de<strong> 2 mm d&rsquo;\u00e9paisseur<\/strong>, cette lime \u00e0 ongles durable vous permettra une <strong>abrasion tr\u00e8s douce et r\u00e9guli\u00e8re des ongles<\/strong>.<br \/>\nL&rsquo;avantage de la lime en verre ? Elle ne laissera aucun r\u00e9sidu sous les ongles et id\u00e9al dans le cas d&rsquo;ongles mous ou cassants.<br \/>\n<strong>Dimension :<\/strong> 135 x 12 x 2 mm.<\/p>\n","protected":false},"featured_media":39491,"comment_status":"closed","ping_status":"closed","template":"","meta":[],"product_cat":[207,652],"product_tag":[],"supplier_id":24929,"supplier_sku":"","atum_controlled":true,"out_stock_date":null,"out_stock_threshold":null,"inheritable":false,"inbound_stock":null,"stock_on_hold":0,"sold_today":0,"sales_last_days":2,"out_stock_days":0,"lost_sales":0,"has_location":false,"update_date":"2026-04-10T22:12:48","atum_locations":[],"atum_stock_status":"onbackorder","restock_status":false,"low_stock_amount":"","sales_update_date":"2026-04-10T22:12:48","calc_backorders":-5,"_links":{"self":[{"href":"https:\/\/www.epicerie-lasource.org\/magasin\/wp-json\/wp\/v2\/product\/39490"}],"collection":[{"href":"https:\/\/www.epicerie-lasource.org\/magasin\/wp-json\/wp\/v2\/product"}],"about":[{"href":"https:\/\/www.epicerie-lasource.org\/magasin\/wp-json\/wp\/v2\/types\/product"}],"replies":[{"embeddable":true,"href":"https:\/\/www.epicerie-lasource.org\/magasin\/wp-json\/wp\/v2\/comments?post=39490"}],"wp:featuredmedia":[{"embeddable":true,"href":"https:\/\/www.epicerie-lasource.org\/magasin\/wp-json\/wp\/v2\/media\/39491"}],"wp:attachment":[{"href":"https:\/\/www.epicerie-lasource.org\/magasin\/wp-json\/wp\/v2\/media?parent=39490"}],"wp:term":[{"taxonomy":"product_cat","embeddable":true,"href":"https:\/\/www.epicerie-lasource.org\/magasin\/wp-json\/wp\/v2\/product_cat?post=39490"},{"taxonomy":"product_tag","embeddable":true,"href":"https:\/\/www.epicerie-lasource.org\/magasin\/wp-json\/wp\/v2\/product_tag?post=39490"}],"curies":[{"name":"wp","href":"https:\/\/api.w.org\/{rel}","templated":true}]}}