{"id":35240,"date":"2023-02-23T20:31:55","date_gmt":"2023-02-23T19:31:55","guid":{"rendered":"https:\/\/www.epicerie-lasource.org\/magasin\/?post_type=product&#038;p=35240"},"modified":"2026-04-10T17:36:01","modified_gmt":"2026-04-10T15:36:01","slug":"deodorant-fraicheur-the-vert-bio","status":"publish","type":"product","link":"https:\/\/www.epicerie-lasource.org\/magasin\/produit\/deodorant-fraicheur-the-vert-bio\/","title":{"rendered":"D\u00e9odorant fraicheur reine des pr\u00e9s BIO"},"content":{"rendered":"","protected":false},"excerpt":{"rendered":"<div id=\"more_description\" class=\"custom-more-info description\">\n<div class=\"content\">\n<p>Le d\u00e9odorant fra\u00eecheur Coslys est <strong>efficace pendant 48H<\/strong>.<\/p>\n<p>Sa formule riche en zinc, permet de lutter efficacement contre les mauvaises odeurs.<\/p>\n<p><strong>Sans alcool ni chlorhydrate d&rsquo;aluminium<\/strong>, il contient 99% d&rsquo;ingr\u00e9dients d&rsquo;origine naturelle.<\/p>\n<p>Son parfum 100% d&rsquo;origine naturelle aux <strong>notes vertes et menthol\u00e9es<\/strong> convient aussi bien aux femmes qu&rsquo;aux hommes.<\/p>\n<h2>D\u00e9odorant rechargeable<\/h2>\n<p>Gr\u00e2ce \u00e0 son flacon rechargeable, le d\u00e9odorant soin protecteur Coslys, vous permet de r\u00e9duire vos d\u00e9chets plastiques de 49%. Vous faites aussi des \u00e9conomies financi\u00e8res de 30%.<\/p>\n<p>Ce <strong>produit cosm\u00e9tique bio<\/strong> est labellis\u00e9\u00a0<a href=\"http:\/\/www.cosmebio.org\/\">Cosm\u00e9bio<\/a> et <a href=\"https:\/\/one-voice.fr\/\">One Voice<\/a>.<\/p>\n<p>Ce cosm\u00e9tique naturel fait partie de la gamme d\u00e9odorant bio Coslys.<\/p>\n<\/div>\n<\/div>\n<div id=\"more_utilisation\" class=\"custom-more-info utilisation\">\n<div class=\"info-header\">\n<h2 class=\"info-title\"><i class=\"icon-utilisation\"><\/i>Conseil d&rsquo;utilisation<\/h2>\n<\/div>\n<div class=\"content\">\n<p><em>Pour recharger le d\u00e9odorant<\/em><\/p>\n<p>D\u00e9clipser le haut du d\u00e9odorant.<\/p>\n<p>Verser la recharge dans le flacon.<\/p>\n<p>Refermer votre d\u00e9odorant.<\/p>\n<p><em>Pour l&rsquo;application<\/em><\/p>\n<p>Agiter avant emploi. Appliquer sur une peau propre et s\u00e8che.<\/p>\n<\/div>\n<\/div>\n<div id=\"more_ingredients\" class=\"custom-more-info ingredients\">\n<div class=\"info-header\">\n<h2 class=\"info-title\"><i class=\"icon-ingredients\"><\/i>Ingredients<\/h2>\n<\/div>\n<div class=\"content\">\n<p>Aqua (water), triethyl citrate, zinc citrate, saccharomyces ferment, xanthan gum, aloe barbadensis leaf juice powder*, camellia sinensis leaf extract*, parfum (fragrance), lauryl glucoside, polyglyceryl-2 dipolyhydroxystearate, sodium citrate, glycerin, sodium benzoate, sodium dehydroacetate, potassium sorbate, citric acid, linalool, citronellol, geraniol, limonene..<\/p>\n<p><em>*Ingr\u00e9dients issus de l&rsquo;Agriculture Biologique<\/em><\/p>\n<p><em>99% du total des ingr\u00e9dients sont d&rsquo;origine naturelle<\/em><\/p>\n<p><em>20% du total des ingr\u00e9dients sont issus de l&rsquo;Agriculture Biologique<\/em><\/p>\n<\/div>\n<\/div>\n","protected":false},"featured_media":35241,"comment_status":"closed","ping_status":"closed","template":"","meta":[],"product_cat":[207],"product_tag":[],"supplier_id":35273,"supplier_sku":"","atum_controlled":true,"out_stock_date":null,"out_stock_threshold":null,"inheritable":false,"inbound_stock":null,"stock_on_hold":0,"sold_today":0,"sales_last_days":2,"out_stock_days":0,"lost_sales":0,"has_location":false,"update_date":"2026-04-13T22:13:21","atum_locations":[],"atum_stock_status":"instock","restock_status":false,"low_stock_amount":"","sales_update_date":"2026-04-13T22:13:21","calc_backorders":0,"_links":{"self":[{"href":"https:\/\/www.epicerie-lasource.org\/magasin\/wp-json\/wp\/v2\/product\/35240"}],"collection":[{"href":"https:\/\/www.epicerie-lasource.org\/magasin\/wp-json\/wp\/v2\/product"}],"about":[{"href":"https:\/\/www.epicerie-lasource.org\/magasin\/wp-json\/wp\/v2\/types\/product"}],"replies":[{"embeddable":true,"href":"https:\/\/www.epicerie-lasource.org\/magasin\/wp-json\/wp\/v2\/comments?post=35240"}],"wp:featuredmedia":[{"embeddable":true,"href":"https:\/\/www.epicerie-lasource.org\/magasin\/wp-json\/wp\/v2\/media\/35241"}],"wp:attachment":[{"href":"https:\/\/www.epicerie-lasource.org\/magasin\/wp-json\/wp\/v2\/media?parent=35240"}],"wp:term":[{"taxonomy":"product_cat","embeddable":true,"href":"https:\/\/www.epicerie-lasource.org\/magasin\/wp-json\/wp\/v2\/product_cat?post=35240"},{"taxonomy":"product_tag","embeddable":true,"href":"https:\/\/www.epicerie-lasource.org\/magasin\/wp-json\/wp\/v2\/product_tag?post=35240"}],"curies":[{"name":"wp","href":"https:\/\/api.w.org\/{rel}","templated":true}]}}