{"id":34201,"date":"2025-11-27T12:01:45","date_gmt":"2025-11-27T11:01:45","guid":{"rendered":"https:\/\/www.epicerie-lasource.org\/magasin\/?post_type=product&#038;p=34201"},"modified":"2026-04-22T17:58:40","modified_gmt":"2026-04-22T15:58:40","slug":"mais-doux-au-naturel-cap-bio-460ml-275grs-net-egoute","status":"publish","type":"product","link":"https:\/\/www.epicerie-lasource.org\/magasin\/produit\/mais-doux-au-naturel-cap-bio-460ml-275grs-net-egoute\/","title":{"rendered":"Ma\u00efs doux au Naturel bio &#8211; Cap Bio &#8211; 330 ml"},"content":{"rendered":"","protected":false},"excerpt":{"rendered":"<p>Ma\u00efs doux simplement cuit \u00e0 l&rsquo;eau et au sel de Gu\u00e9rande.<br \/>\nIngr\u00e9dients : Ma\u00efs doux en grains,eau ,sel de Gu\u00e9rande.<br \/>\nIssus de l&rsquo;agriculture biologique .<\/p>\n<p>&nbsp;<\/p>\n","protected":false},"featured_media":34202,"comment_status":"closed","ping_status":"closed","template":"","meta":[],"product_cat":[731,63,708],"product_tag":[],"supplier_id":23768,"supplier_sku":"","atum_controlled":true,"out_stock_date":null,"out_stock_threshold":null,"inheritable":false,"inbound_stock":null,"stock_on_hold":0,"sold_today":0,"sales_last_days":2,"out_stock_days":0,"lost_sales":0,"has_location":false,"update_date":"2026-04-30T22:29:02","atum_locations":[],"atum_stock_status":"instock","restock_status":false,"low_stock_amount":"","sales_update_date":"2026-04-30T22:29:01","calc_backorders":0,"_links":{"self":[{"href":"https:\/\/www.epicerie-lasource.org\/magasin\/wp-json\/wp\/v2\/product\/34201"}],"collection":[{"href":"https:\/\/www.epicerie-lasource.org\/magasin\/wp-json\/wp\/v2\/product"}],"about":[{"href":"https:\/\/www.epicerie-lasource.org\/magasin\/wp-json\/wp\/v2\/types\/product"}],"replies":[{"embeddable":true,"href":"https:\/\/www.epicerie-lasource.org\/magasin\/wp-json\/wp\/v2\/comments?post=34201"}],"wp:featuredmedia":[{"embeddable":true,"href":"https:\/\/www.epicerie-lasource.org\/magasin\/wp-json\/wp\/v2\/media\/34202"}],"wp:attachment":[{"href":"https:\/\/www.epicerie-lasource.org\/magasin\/wp-json\/wp\/v2\/media?parent=34201"}],"wp:term":[{"taxonomy":"product_cat","embeddable":true,"href":"https:\/\/www.epicerie-lasource.org\/magasin\/wp-json\/wp\/v2\/product_cat?post=34201"},{"taxonomy":"product_tag","embeddable":true,"href":"https:\/\/www.epicerie-lasource.org\/magasin\/wp-json\/wp\/v2\/product_tag?post=34201"}],"curies":[{"name":"wp","href":"https:\/\/api.w.org\/{rel}","templated":true}]}}

Maïs doux au Naturel bio &#8211; Cap Bio &#8211; 330 ml

<p>Maïs doux simplement cuit à l&rsquo;eau et au sel de Guérande.<br />
Ingrédients : Maïs doux en grains,eau ,sel de Guérande.<br />
Issus de l&rsquo;agriculture biologique .</p>
<p>&nbsp;</p>
