{"id":32792,"date":"2022-11-29T11:15:12","date_gmt":"2022-11-29T10:15:12","guid":{"rendered":"https:\/\/www.epicerie-lasource.org\/magasin\/?post_type=product&#038;p=32792"},"modified":"2026-03-13T15:39:42","modified_gmt":"2026-03-13T14:39:42","slug":"the-vert-et-menthe-reglisse-un-the-dans-latlas-100-g","status":"publish","type":"product","link":"https:\/\/www.epicerie-lasource.org\/magasin\/produit\/the-vert-et-menthe-reglisse-un-the-dans-latlas-100-g\/","title":{"rendered":"Th\u00e9 vert et menthe poivr\u00e9e -BIO @ Vrac-\u00ab\u00a0Un Th\u00e9 dans l&rsquo;Atlas\u00a0\u00bb-100\u00a0g"},"content":{"rendered":"","protected":false},"excerpt":{"rendered":"<p>Th\u00e9 vert et menthe poivr\u00e9e &lsquo;Un Th\u00e9 dans l&rsquo;Atlas&rsquo; &#8211; 100 g<\/p>\n<p>Un d\u00e9licieux th\u00e9 vert associ\u00e9 parau parfum rafraichissant de la menthe\u00a0 poivr\u00e9e et \u00e0 la douceur de la r\u00e9glisse.<\/p>\n<div class=\"wpb_row vc_row vc_row-fluid mk-fullwidth-false attched-false js-master-row mk-grid mk-in-viewport\" data-mk-stretch-content=\"true\">\n<div class=\"vc_col-sm-4 wpb_column column_container _ height-full\">\n<div class=\"wpb_row vc_inner vc_row vc_row-fluid attched-false \">\n<div class=\"wpb_column vc_column_container vc_col-sm-12\">\n<div class=\"vc_column-inner \">\n<div class=\"wpb_wrapper\">\n<div class=\" vc_custom_1548278708383\">\n<div id=\"text-block-18\" class=\"mk-text-block \">\n<p>\u00b7 Laisser infuser 3 minutes, selon les go\u00fbts.<br \/>\n\u00b7 Utiliser deux cuiller\u00e9es par tasse.<br \/>\n\u00b7 Verser l\u2019eau fr\u00e9missante.<br \/>\n\u00b7 L\u2019eau ne doit pas bouillir afin de pr\u00e9server l\u2019ar\u00f4me et les propri\u00e9t\u00e9s du mat\u00e9, th\u00e9 ou infusion.<\/p>\n<\/div>\n<\/div>\n<\/div>\n<\/div>\n<\/div>\n<\/div>\n<\/div>\n<\/div>\n","protected":false},"featured_media":32793,"comment_status":"open","ping_status":"closed","template":"","meta":[],"product_cat":[180,714],"product_tag":[],"supplier_id":23768,"supplier_sku":"","atum_controlled":true,"out_stock_date":null,"out_stock_threshold":null,"inheritable":false,"inbound_stock":null,"stock_on_hold":0,"sold_today":0,"sales_last_days":0,"out_stock_days":0,"lost_sales":0,"has_location":false,"update_date":"2026-05-01T22:28:23","atum_locations":[],"atum_stock_status":"outofstock","restock_status":false,"low_stock_amount":"","sales_update_date":"2026-05-01T22:28:23","calc_backorders":null,"_links":{"self":[{"href":"https:\/\/www.epicerie-lasource.org\/magasin\/wp-json\/wp\/v2\/product\/32792"}],"collection":[{"href":"https:\/\/www.epicerie-lasource.org\/magasin\/wp-json\/wp\/v2\/product"}],"about":[{"href":"https:\/\/www.epicerie-lasource.org\/magasin\/wp-json\/wp\/v2\/types\/product"}],"replies":[{"embeddable":true,"href":"https:\/\/www.epicerie-lasource.org\/magasin\/wp-json\/wp\/v2\/comments?post=32792"}],"wp:featuredmedia":[{"embeddable":true,"href":"https:\/\/www.epicerie-lasource.org\/magasin\/wp-json\/wp\/v2\/media\/32793"}],"wp:attachment":[{"href":"https:\/\/www.epicerie-lasource.org\/magasin\/wp-json\/wp\/v2\/media?parent=32792"}],"wp:term":[{"taxonomy":"product_cat","embeddable":true,"href":"https:\/\/www.epicerie-lasource.org\/magasin\/wp-json\/wp\/v2\/product_cat?post=32792"},{"taxonomy":"product_tag","embeddable":true,"href":"https:\/\/www.epicerie-lasource.org\/magasin\/wp-json\/wp\/v2\/product_tag?post=32792"}],"curies":[{"name":"wp","href":"https:\/\/api.w.org\/{rel}","templated":true}]}}