{"id":32791,"date":"2022-11-29T11:13:21","date_gmt":"2022-11-29T10:13:21","guid":{"rendered":"https:\/\/www.epicerie-lasource.org\/magasin\/?post_type=product&#038;p=32791"},"modified":"2026-02-11T19:20:58","modified_gmt":"2026-02-11T18:20:58","slug":"the-blanc-pai-mu-than-50-g","status":"publish","type":"product","link":"https:\/\/www.epicerie-lasource.org\/magasin\/produit\/the-blanc-pai-mu-than-50-g\/","title":{"rendered":"Th\u00e9 blanc de Chine -BIO@Vrac- Pai Mu Than &#8211; 50\u00a0g"},"content":{"rendered":"","protected":false},"excerpt":{"rendered":"<p>Th\u00e9 blanc Pai Mu Than &#8211; 50\u00a0g<\/p>\n<p>Ce Th\u00e9 blanc provient de la province chinoise du Fujian. Subtil et d\u00e9licat, il est caract\u00e9ris\u00e9 par un parfum hautement v\u00e9g\u00e9tal et par sa l\u00e9g\u00e8ret\u00e9.Il produit une boisson d\u00e9salt\u00e9rante adapt\u00e9e \u00e0 tous les publics.<\/p>\n<div class=\"wpb_row vc_row vc_row-fluid mk-fullwidth-false attched-false js-master-row mk-grid mk-in-viewport\" data-mk-stretch-content=\"true\">\n<div class=\"vc_col-sm-4 wpb_column column_container _ height-full\">\n<div class=\"wpb_row vc_inner vc_row vc_row-fluid attched-false \">\n<div class=\"wpb_column vc_column_container vc_col-sm-12\">\n<div class=\"vc_column-inner \">\n<div class=\"wpb_wrapper\">\n<div class=\" vc_custom_1548278708383\">\n<div id=\"text-block-18\" class=\"mk-text-block \">\n<p>\u00b7 Laisser infuser 3 minutes, selon les go\u00fbts.<br \/>\n\u00b7 Utiliser deux cuiller\u00e9es par tasse.<br \/>\n\u00b7 Verser l\u2019eau fr\u00e9missante.<br \/>\n\u00b7 L\u2019eau ne doit pas bouillir afin de pr\u00e9server l\u2019ar\u00f4me et les propri\u00e9t\u00e9s du mat\u00e9, th\u00e9 ou infusion.<\/p>\n<\/div>\n<\/div>\n<\/div>\n<\/div>\n<\/div>\n<\/div>\n<\/div>\n<\/div>\n","protected":false},"featured_media":32794,"comment_status":"open","ping_status":"closed","template":"","meta":[],"product_cat":[180,714],"product_tag":[],"supplier_id":23768,"supplier_sku":"","atum_controlled":true,"out_stock_date":null,"out_stock_threshold":null,"inheritable":false,"inbound_stock":null,"stock_on_hold":0,"sold_today":0,"sales_last_days":0,"out_stock_days":0,"lost_sales":0,"has_location":false,"update_date":"2026-05-01T22:29:21","atum_locations":[],"atum_stock_status":"onbackorder","restock_status":false,"low_stock_amount":"","sales_update_date":"2026-05-01T22:29:21","calc_backorders":-5,"_links":{"self":[{"href":"https:\/\/www.epicerie-lasource.org\/magasin\/wp-json\/wp\/v2\/product\/32791"}],"collection":[{"href":"https:\/\/www.epicerie-lasource.org\/magasin\/wp-json\/wp\/v2\/product"}],"about":[{"href":"https:\/\/www.epicerie-lasource.org\/magasin\/wp-json\/wp\/v2\/types\/product"}],"replies":[{"embeddable":true,"href":"https:\/\/www.epicerie-lasource.org\/magasin\/wp-json\/wp\/v2\/comments?post=32791"}],"wp:featuredmedia":[{"embeddable":true,"href":"https:\/\/www.epicerie-lasource.org\/magasin\/wp-json\/wp\/v2\/media\/32794"}],"wp:attachment":[{"href":"https:\/\/www.epicerie-lasource.org\/magasin\/wp-json\/wp\/v2\/media?parent=32791"}],"wp:term":[{"taxonomy":"product_cat","embeddable":true,"href":"https:\/\/www.epicerie-lasource.org\/magasin\/wp-json\/wp\/v2\/product_cat?post=32791"},{"taxonomy":"product_tag","embeddable":true,"href":"https:\/\/www.epicerie-lasource.org\/magasin\/wp-json\/wp\/v2\/product_tag?post=32791"}],"curies":[{"name":"wp","href":"https:\/\/api.w.org\/{rel}","templated":true}]}}