{"id":30670,"date":"2022-09-13T10:58:33","date_gmt":"2022-09-13T08:58:33","guid":{"rendered":"https:\/\/www.epicerie-lasource.org\/magasin\/?post_type=product&#038;p=30670"},"modified":"2026-04-24T19:36:22","modified_gmt":"2026-04-24T17:36:22","slug":"mini-bretzels-bio-sachet-150g","status":"publish","type":"product","link":"https:\/\/www.epicerie-lasource.org\/magasin\/produit\/mini-bretzels-bio-sachet-150g\/","title":{"rendered":"Mini bretzels BIO sachet 150g"},"content":{"rendered":"<h2 class=\"\">INGR\u00c9DIENTS<\/h2>\n<div class=\"\">\n<p>Farine de BL\u00c9*, sel 3,1 %, huile de tournesol*, extrait de malt d&rsquo;orge*, levure, correcteur d&rsquo;acidit\u00e9 : hydroxyde de sodium. * Ingr\u00e9dient issu de l&rsquo;agriculture biologique.<\/p>\n<p><span class=\"allergenes_produit\">Les ingr\u00e9dients renseign\u00e9s en majuscule attestent des allerg\u00e8nes pr\u00e9sents dans le ou les produits.<\/span><\/p>\n<\/div>\n<div>\n<h2 class=\"\">VALEURS NUTRITIONNELLES<\/h2>\n<div class=\"\">\n<p>Valeurs \u00e9nerg\u00e9tiques et nutritionnelles moyennes pour 100g:<\/p>\n<p>Energie 1600kJ \/ 378 Kcal,<\/p>\n<p>Mati\u00e8res grasses 2.9g dont acides gras satur\u00e9s 0.3g,<\/p>\n<p>Glucides 75g dont sucres 1.4g,<\/p>\n<p>Fibres alimentaires 3.8g,<\/p>\n<p>Prot\u00e9ines 11g,<\/p>\n<p>Sel 3.2g.<\/p>\n<h2 class=\"\">INFORMATIONS PRODUITS<\/h2>\n<div class=\"\">\n<p>A conserver \u00e0 l&rsquo;abri de la chaleur et de l&rsquo;humidit\u00e9.<\/p>\n<p>Made in Alsace.<\/p>\n<\/div>\n<\/div>\n<\/div>\n","protected":false},"excerpt":{"rendered":"<p>Farine de BL\u00c9*, sel 3,1 %, huile de tournesol*, extrait de malt d&rsquo;orge*, levure, correcteur d&rsquo;acidit\u00e9 : hydroxyde de sodium. * Ingr\u00e9dient issu de l&rsquo;agriculture biologique.<\/p>\n","protected":false},"featured_media":30671,"comment_status":"closed","ping_status":"closed","template":"","meta":[],"product_cat":[63,705],"product_tag":[],"supplier_id":23966,"supplier_sku":"","atum_controlled":true,"out_stock_date":null,"out_stock_threshold":null,"inheritable":false,"inbound_stock":null,"stock_on_hold":0,"sold_today":0,"sales_last_days":8,"out_stock_days":0,"lost_sales":0,"has_location":false,"update_date":"2026-05-04T22:29:54","atum_locations":[],"atum_stock_status":"instock","restock_status":false,"low_stock_amount":3,"sales_update_date":"2026-05-04T22:29:54","calc_backorders":0,"_links":{"self":[{"href":"https:\/\/www.epicerie-lasource.org\/magasin\/wp-json\/wp\/v2\/product\/30670"}],"collection":[{"href":"https:\/\/www.epicerie-lasource.org\/magasin\/wp-json\/wp\/v2\/product"}],"about":[{"href":"https:\/\/www.epicerie-lasource.org\/magasin\/wp-json\/wp\/v2\/types\/product"}],"replies":[{"embeddable":true,"href":"https:\/\/www.epicerie-lasource.org\/magasin\/wp-json\/wp\/v2\/comments?post=30670"}],"wp:featuredmedia":[{"embeddable":true,"href":"https:\/\/www.epicerie-lasource.org\/magasin\/wp-json\/wp\/v2\/media\/30671"}],"wp:attachment":[{"href":"https:\/\/www.epicerie-lasource.org\/magasin\/wp-json\/wp\/v2\/media?parent=30670"}],"wp:term":[{"taxonomy":"product_cat","embeddable":true,"href":"https:\/\/www.epicerie-lasource.org\/magasin\/wp-json\/wp\/v2\/product_cat?post=30670"},{"taxonomy":"product_tag","embeddable":true,"href":"https:\/\/www.epicerie-lasource.org\/magasin\/wp-json\/wp\/v2\/product_tag?post=30670"}],"curies":[{"name":"wp","href":"https:\/\/api.w.org\/{rel}","templated":true}]}}