{"id":30666,"date":"2022-11-21T09:39:21","date_gmt":"2022-11-21T08:39:21","guid":{"rendered":"https:\/\/www.epicerie-lasource.org\/magasin\/?post_type=product&#038;p=30666"},"modified":"2026-03-11T19:47:19","modified_gmt":"2026-03-11T18:47:19","slug":"mayonnaise-flacon-404-grs","status":"publish","type":"product","link":"https:\/\/www.epicerie-lasource.org\/magasin\/produit\/mayonnaise-flacon-404-grs\/","title":{"rendered":"Mayonnaise Flacon 404 Grs"},"content":{"rendered":"","protected":false},"excerpt":{"rendered":"<p>78% Huiles v\u00e9g\u00e9tales (colza, tournesol), eau, 6,8% \u0152UFS (\u0153ufs de poules \u00e9lev\u00e9es en plein air), vinaigre d&rsquo;alcool, 2,1% jaune d&rsquo;\u0152UF (\u0153ufs de poules \u00e9lev\u00e9es en plein air), sel comestible, sucre, jus de citron concentr\u00e9, ar\u00f4mes, antioxydant (E 385).<\/p>\n","protected":false},"featured_media":30667,"comment_status":"open","ping_status":"closed","template":"","meta":[],"product_cat":[63,704],"product_tag":[],"supplier_id":23966,"supplier_sku":"","atum_controlled":true,"out_stock_date":null,"out_stock_threshold":null,"inheritable":false,"inbound_stock":null,"stock_on_hold":0,"sold_today":0,"sales_last_days":1,"out_stock_days":0,"lost_sales":0,"has_location":false,"update_date":"2026-04-05T22:04:02","atum_locations":[],"atum_stock_status":"instock","restock_status":false,"low_stock_amount":2,"sales_update_date":"2026-04-05T22:04:01","calc_backorders":0,"_links":{"self":[{"href":"https:\/\/www.epicerie-lasource.org\/magasin\/wp-json\/wp\/v2\/product\/30666"}],"collection":[{"href":"https:\/\/www.epicerie-lasource.org\/magasin\/wp-json\/wp\/v2\/product"}],"about":[{"href":"https:\/\/www.epicerie-lasource.org\/magasin\/wp-json\/wp\/v2\/types\/product"}],"replies":[{"embeddable":true,"href":"https:\/\/www.epicerie-lasource.org\/magasin\/wp-json\/wp\/v2\/comments?post=30666"}],"wp:featuredmedia":[{"embeddable":true,"href":"https:\/\/www.epicerie-lasource.org\/magasin\/wp-json\/wp\/v2\/media\/30667"}],"wp:attachment":[{"href":"https:\/\/www.epicerie-lasource.org\/magasin\/wp-json\/wp\/v2\/media?parent=30666"}],"wp:term":[{"taxonomy":"product_cat","embeddable":true,"href":"https:\/\/www.epicerie-lasource.org\/magasin\/wp-json\/wp\/v2\/product_cat?post=30666"},{"taxonomy":"product_tag","embeddable":true,"href":"https:\/\/www.epicerie-lasource.org\/magasin\/wp-json\/wp\/v2\/product_tag?post=30666"}],"curies":[{"name":"wp","href":"https:\/\/api.w.org\/{rel}","templated":true}]}}