{"id":29011,"date":"2022-06-29T10:44:57","date_gmt":"2022-06-29T08:44:57","guid":{"rendered":"https:\/\/www.epicerie-lasource.org\/magasin\/?post_type=product&#038;p=29011"},"modified":"2026-03-25T17:59:03","modified_gmt":"2026-03-25T16:59:03","slug":"vrac-mate-vert-bio","status":"publish","type":"product","link":"https:\/\/www.epicerie-lasource.org\/magasin\/produit\/vrac-mate-vert-bio\/","title":{"rendered":"Vrac- Mat\u00e9 Vert BIO"},"content":{"rendered":"","protected":false},"excerpt":{"rendered":"<div class=\"rte\">\n<p>Cultiv\u00e9 notamment dans le sud du Br\u00e9sil, les feuilles de ce petit arbre sont s\u00e9ch\u00e9es, l\u00e9g\u00e8rement torr\u00e9fi\u00e9es puis bris\u00e9es et constitue le Yerba Mate, pr\u00eat \u00e0 \u00eatre infus\u00e9 Tonique mais faible en caf\u00e9ine, cette boisson riche en vitamine C, en anti-oxydants poss\u00e8de des vertus \u00e9nergisantes physiques et intellectuelles reconnues.<\/p>\n<p>Son infusion \u00e0 une action digestive, diur\u00e9tique et d\u00e9salt\u00e9rante.<\/p>\n<p>D\u00e9licieuse nature, elle peut aussi s&rsquo;accompagner de sucre et de lait Infusion 3 \u00e0 5 mn<\/p>\n<\/div>\n","protected":false},"featured_media":29016,"comment_status":"closed","ping_status":"closed","template":"","meta":[],"product_cat":[715,180,714],"product_tag":[],"supplier_id":null,"supplier_sku":"","atum_controlled":true,"out_stock_date":null,"out_stock_threshold":null,"inheritable":true,"inbound_stock":null,"stock_on_hold":0,"sold_today":0,"sales_last_days":0,"out_stock_days":0,"lost_sales":0,"has_location":false,"update_date":"2026-05-06T22:30:06","atum_locations":[],"atum_stock_status":"instock","restock_status":false,"low_stock_amount":"","sales_update_date":"2026-05-06T22:30:06","calc_backorders":0,"_links":{"self":[{"href":"https:\/\/www.epicerie-lasource.org\/magasin\/wp-json\/wp\/v2\/product\/29011"}],"collection":[{"href":"https:\/\/www.epicerie-lasource.org\/magasin\/wp-json\/wp\/v2\/product"}],"about":[{"href":"https:\/\/www.epicerie-lasource.org\/magasin\/wp-json\/wp\/v2\/types\/product"}],"replies":[{"embeddable":true,"href":"https:\/\/www.epicerie-lasource.org\/magasin\/wp-json\/wp\/v2\/comments?post=29011"}],"wp:featuredmedia":[{"embeddable":true,"href":"https:\/\/www.epicerie-lasource.org\/magasin\/wp-json\/wp\/v2\/media\/29016"}],"wp:attachment":[{"href":"https:\/\/www.epicerie-lasource.org\/magasin\/wp-json\/wp\/v2\/media?parent=29011"}],"wp:term":[{"taxonomy":"product_cat","embeddable":true,"href":"https:\/\/www.epicerie-lasource.org\/magasin\/wp-json\/wp\/v2\/product_cat?post=29011"},{"taxonomy":"product_tag","embeddable":true,"href":"https:\/\/www.epicerie-lasource.org\/magasin\/wp-json\/wp\/v2\/product_tag?post=29011"}],"curies":[{"name":"wp","href":"https:\/\/api.w.org\/{rel}","templated":true}]}}