{"id":28757,"date":"2022-06-21T13:04:57","date_gmt":"2022-06-21T11:04:57","guid":{"rendered":"https:\/\/www.epicerie-lasource.org\/magasin\/?post_type=product&#038;p=28757"},"modified":"2026-03-05T13:47:40","modified_gmt":"2026-03-05T12:47:40","slug":"vrac-paillettes-de-savon-huiles-bio","status":"publish","type":"product","link":"https:\/\/www.epicerie-lasource.org\/magasin\/produit\/vrac-paillettes-de-savon-huiles-bio\/","title":{"rendered":"Vrac &#8211; Paillettes de savon huiles bio"},"content":{"rendered":"","protected":false},"excerpt":{"rendered":"<p>Les paillettes de savon de La droguerie \u00e9cologique\u00ae sont obtenues \u00e0 partir de bondillons (en forme de nouilles) de savon fabriqu\u00e9s en France uniquement avec de la soude et des huiles v\u00e9g\u00e9tales certifi\u00e9es bio de palme et de coco. Les mol\u00e9cules du savon sont amphiphiles, ce qui donne \u00e0 celui-ci la propri\u00e9t\u00e9 de dissoudre les graisses lorsqu\u2019il est utilis\u00e9 avec de l\u2019eau. La concentration du savon mis en sachet est de 72% en acide gras actifs (donc 28% d\u2019eau). Les paillettes de savon concentr\u00e9 sont particuli\u00e8rement efficaces, \u00e9cologiques, hypoallerg\u00e9niques et \u00e9conomiques pour de multiples travaux m\u00e9nagers, faire sa lessive, son savon, etc\u2026<\/p>\n","protected":false},"featured_media":28759,"comment_status":"closed","ping_status":"closed","template":"","meta":[],"product_cat":[715,324],"product_tag":[],"supplier_id":24929,"supplier_sku":"","atum_controlled":true,"out_stock_date":null,"out_stock_threshold":null,"inheritable":true,"inbound_stock":null,"stock_on_hold":0,"sold_today":0,"sales_last_days":0,"out_stock_days":0,"lost_sales":0,"has_location":false,"update_date":"2026-05-05T22:29:55","atum_locations":[],"atum_stock_status":"onbackorder","restock_status":false,"low_stock_amount":"","sales_update_date":"2026-05-05T22:29:55","calc_backorders":-9.6,"_links":{"self":[{"href":"https:\/\/www.epicerie-lasource.org\/magasin\/wp-json\/wp\/v2\/product\/28757"}],"collection":[{"href":"https:\/\/www.epicerie-lasource.org\/magasin\/wp-json\/wp\/v2\/product"}],"about":[{"href":"https:\/\/www.epicerie-lasource.org\/magasin\/wp-json\/wp\/v2\/types\/product"}],"replies":[{"embeddable":true,"href":"https:\/\/www.epicerie-lasource.org\/magasin\/wp-json\/wp\/v2\/comments?post=28757"}],"wp:featuredmedia":[{"embeddable":true,"href":"https:\/\/www.epicerie-lasource.org\/magasin\/wp-json\/wp\/v2\/media\/28759"}],"wp:attachment":[{"href":"https:\/\/www.epicerie-lasource.org\/magasin\/wp-json\/wp\/v2\/media?parent=28757"}],"wp:term":[{"taxonomy":"product_cat","embeddable":true,"href":"https:\/\/www.epicerie-lasource.org\/magasin\/wp-json\/wp\/v2\/product_cat?post=28757"},{"taxonomy":"product_tag","embeddable":true,"href":"https:\/\/www.epicerie-lasource.org\/magasin\/wp-json\/wp\/v2\/product_tag?post=28757"}],"curies":[{"name":"wp","href":"https:\/\/api.w.org\/{rel}","templated":true}]}}