{"id":28747,"date":"2025-03-25T12:26:54","date_gmt":"2025-03-25T11:26:54","guid":{"rendered":"https:\/\/www.epicerie-lasource.org\/magasin\/?post_type=product&#038;p=28747"},"modified":"2025-11-13T11:10:09","modified_gmt":"2025-11-13T10:10:09","slug":"bicarbonate-de-soude-cosmetique-boite-de-500g","status":"publish","type":"product","link":"https:\/\/www.epicerie-lasource.org\/magasin\/produit\/bicarbonate-de-soude-cosmetique-boite-de-500g\/","title":{"rendered":"Bicarbonate de Soude Cosm\u00e9tique (boite de 500g)"},"content":{"rendered":"","protected":false},"excerpt":{"rendered":"<p>Le bicarbonate de soude alimentaire offre de multiples usages en mati\u00e8re d&rsquo;hygi\u00e8ne et de soin pour toute la famille : bain relaxant, substitut de dentifrice, d\u00e9sodorisant.<\/p>\n<p>Tube cartonn\u00e9 avec bouchon poudreur en 500g.<\/p>\n<p>&nbsp;<\/p>\n","protected":false},"featured_media":24962,"comment_status":"closed","ping_status":"closed","template":"","meta":[],"product_cat":[324,207],"product_tag":[],"supplier_id":24929,"supplier_sku":"","atum_controlled":true,"out_stock_date":null,"out_stock_threshold":null,"inheritable":false,"inbound_stock":null,"stock_on_hold":0,"sold_today":0,"sales_last_days":0,"out_stock_days":0,"lost_sales":0,"has_location":false,"update_date":"2026-04-08T22:12:24","atum_locations":[],"atum_stock_status":"instock","restock_status":false,"low_stock_amount":"","sales_update_date":"2026-04-08T22:12:24","calc_backorders":0,"_links":{"self":[{"href":"https:\/\/www.epicerie-lasource.org\/magasin\/wp-json\/wp\/v2\/product\/28747"}],"collection":[{"href":"https:\/\/www.epicerie-lasource.org\/magasin\/wp-json\/wp\/v2\/product"}],"about":[{"href":"https:\/\/www.epicerie-lasource.org\/magasin\/wp-json\/wp\/v2\/types\/product"}],"replies":[{"embeddable":true,"href":"https:\/\/www.epicerie-lasource.org\/magasin\/wp-json\/wp\/v2\/comments?post=28747"}],"wp:featuredmedia":[{"embeddable":true,"href":"https:\/\/www.epicerie-lasource.org\/magasin\/wp-json\/wp\/v2\/media\/24962"}],"wp:attachment":[{"href":"https:\/\/www.epicerie-lasource.org\/magasin\/wp-json\/wp\/v2\/media?parent=28747"}],"wp:term":[{"taxonomy":"product_cat","embeddable":true,"href":"https:\/\/www.epicerie-lasource.org\/magasin\/wp-json\/wp\/v2\/product_cat?post=28747"},{"taxonomy":"product_tag","embeddable":true,"href":"https:\/\/www.epicerie-lasource.org\/magasin\/wp-json\/wp\/v2\/product_tag?post=28747"}],"curies":[{"name":"wp","href":"https:\/\/api.w.org\/{rel}","templated":true}]}}