{"id":28227,"date":"2022-06-06T21:28:36","date_gmt":"2022-06-06T19:28:36","guid":{"rendered":"https:\/\/www.epicerie-lasource.org\/magasin\/?post_type=product&#038;p=28227"},"modified":"2026-03-20T19:24:08","modified_gmt":"2026-03-20T18:24:08","slug":"savon-artisanal-parfume-huiles-essentielles-bonne-mine","status":"publish","type":"product","link":"https:\/\/www.epicerie-lasource.org\/magasin\/produit\/savon-artisanal-parfume-huiles-essentielles-bonne-mine\/","title":{"rendered":"Savon Artisanal Parfum\u00e9 Huiles Essentielles Bonne Mine"},"content":{"rendered":"","protected":false},"excerpt":{"rendered":"<p>A base d\u2019huile d\u2019olive des Pyr\u00e9n\u00e9es-Orientales, d\u2019huile de coco bio, d&rsquo;huile de Noyaux d&rsquo;Abricot bio ( Onctueuse, nourrissante, apaisante, photoprotectrice), d&rsquo;huile essentielle de Niaouli bio (Antibact\u00e9rien, rafra\u00eechissante, tonifiante et g\u00e9n\u00e9rant cutan\u00e9e), Ocre jaune et poudre de Cacao bio (Relaxante, anti-\u00e2ge, anticellulite).<\/p>\n<p>*Issus de l&rsquo;Agriculture Biologique.<\/p>\n<p>** Issue des Pyr\u00e9n\u00e9es-Orientales<\/p>\n","protected":false},"featured_media":28218,"comment_status":"closed","ping_status":"closed","template":"","meta":[],"product_cat":[731,207],"product_tag":[],"supplier_id":29134,"supplier_sku":"","atum_controlled":true,"out_stock_date":null,"out_stock_threshold":null,"inheritable":false,"inbound_stock":null,"stock_on_hold":0,"sold_today":0,"sales_last_days":0,"out_stock_days":0,"lost_sales":0,"has_location":false,"update_date":"2026-04-30T22:29:10","atum_locations":[],"atum_stock_status":"instock","restock_status":false,"low_stock_amount":"","sales_update_date":"2026-04-30T22:29:10","calc_backorders":0,"_links":{"self":[{"href":"https:\/\/www.epicerie-lasource.org\/magasin\/wp-json\/wp\/v2\/product\/28227"}],"collection":[{"href":"https:\/\/www.epicerie-lasource.org\/magasin\/wp-json\/wp\/v2\/product"}],"about":[{"href":"https:\/\/www.epicerie-lasource.org\/magasin\/wp-json\/wp\/v2\/types\/product"}],"replies":[{"embeddable":true,"href":"https:\/\/www.epicerie-lasource.org\/magasin\/wp-json\/wp\/v2\/comments?post=28227"}],"wp:featuredmedia":[{"embeddable":true,"href":"https:\/\/www.epicerie-lasource.org\/magasin\/wp-json\/wp\/v2\/media\/28218"}],"wp:attachment":[{"href":"https:\/\/www.epicerie-lasource.org\/magasin\/wp-json\/wp\/v2\/media?parent=28227"}],"wp:term":[{"taxonomy":"product_cat","embeddable":true,"href":"https:\/\/www.epicerie-lasource.org\/magasin\/wp-json\/wp\/v2\/product_cat?post=28227"},{"taxonomy":"product_tag","embeddable":true,"href":"https:\/\/www.epicerie-lasource.org\/magasin\/wp-json\/wp\/v2\/product_tag?post=28227"}],"curies":[{"name":"wp","href":"https:\/\/api.w.org\/{rel}","templated":true}]}}