{"id":24079,"date":"2022-01-11T22:51:40","date_gmt":"2022-01-11T21:51:40","guid":{"rendered":"https:\/\/www.epicerie-lasource.org\/magasin\/?post_type=product&#038;p=24079"},"modified":"2026-04-24T19:40:42","modified_gmt":"2026-04-24T17:40:42","slug":"poudre-cacaotee-bio-boite-400g-okakao","status":"publish","type":"product","link":"https:\/\/www.epicerie-lasource.org\/magasin\/produit\/poudre-cacaotee-bio-boite-400g-okakao\/","title":{"rendered":"Poudre cacaot\u00e9e BIO bo\u00eete 400g Okakao"},"content":{"rendered":"","protected":false},"excerpt":{"rendered":"<p>Ingr\u00e9dients<\/p>\n<p>Sucre*, cacao maigre en poudre*, c\u00e9r\u00e9ales* (farine de BL\u00c9*, riz*, AVOINE*, ORGE*), sel. *Ingr\u00e9dients issus de l&rsquo;agriculture biologique.<br \/>\nLes ingr\u00e9dients renseign\u00e9s en majuscule attestent des allerg\u00e8nes pr\u00e9sents dans le ou les produits.<br \/>\nValeurs nutritionnelles<\/p>\n<p>Energie 1577kj \/ 373kcal,<\/p>\n<p>Mati\u00e8res grasses 2.6g dont acides gras satur\u00e9s 1.4g,<\/p>\n<p>Glucides 78g dont sucres 69g,<\/p>\n<p>Prot\u00e9ines 5.8g,<\/p>\n<p>Sel 0.31g.<br \/>\nInformations produits<\/p>\n<p>\u00c0 conserver \u00e0 l&rsquo;abri de la lumi\u00e8re et de l&rsquo;humidit\u00e9. Dosage recommand\u00e9 : 20g de poudre dans 200ml de lait chaud.<\/p>\n<p>Traces possibles de soja, de lait, d&rsquo;\u0153ufs, de fruits \u00e0 coque, c\u00e9leri et sulfites.<\/p>\n","protected":false},"featured_media":24089,"comment_status":"closed","ping_status":"closed","template":"","meta":[],"product_cat":[64,691],"product_tag":[],"supplier_id":23966,"supplier_sku":"","atum_controlled":true,"out_stock_date":null,"out_stock_threshold":null,"inheritable":false,"inbound_stock":0,"stock_on_hold":0,"sold_today":0,"sales_last_days":2,"out_stock_days":0,"lost_sales":0,"has_location":false,"update_date":"2026-04-30T22:29:05","atum_locations":[],"atum_stock_status":"instock","restock_status":false,"low_stock_amount":6,"sales_update_date":"2026-04-30T22:29:05","calc_backorders":0,"_links":{"self":[{"href":"https:\/\/www.epicerie-lasource.org\/magasin\/wp-json\/wp\/v2\/product\/24079"}],"collection":[{"href":"https:\/\/www.epicerie-lasource.org\/magasin\/wp-json\/wp\/v2\/product"}],"about":[{"href":"https:\/\/www.epicerie-lasource.org\/magasin\/wp-json\/wp\/v2\/types\/product"}],"replies":[{"embeddable":true,"href":"https:\/\/www.epicerie-lasource.org\/magasin\/wp-json\/wp\/v2\/comments?post=24079"}],"wp:featuredmedia":[{"embeddable":true,"href":"https:\/\/www.epicerie-lasource.org\/magasin\/wp-json\/wp\/v2\/media\/24089"}],"wp:attachment":[{"href":"https:\/\/www.epicerie-lasource.org\/magasin\/wp-json\/wp\/v2\/media?parent=24079"}],"wp:term":[{"taxonomy":"product_cat","embeddable":true,"href":"https:\/\/www.epicerie-lasource.org\/magasin\/wp-json\/wp\/v2\/product_cat?post=24079"},{"taxonomy":"product_tag","embeddable":true,"href":"https:\/\/www.epicerie-lasource.org\/magasin\/wp-json\/wp\/v2\/product_tag?post=24079"}],"curies":[{"name":"wp","href":"https:\/\/api.w.org\/{rel}","templated":true}]}}