{"id":24058,"date":"2022-01-11T22:06:28","date_gmt":"2022-01-11T21:06:28","guid":{"rendered":"https:\/\/www.epicerie-lasource.org\/magasin\/?post_type=product&#038;p=24058"},"modified":"2026-01-14T11:58:57","modified_gmt":"2026-01-14T10:58:57","slug":"harissa-tube-140g-cap-bon","status":"publish","type":"product","link":"https:\/\/www.epicerie-lasource.org\/magasin\/produit\/harissa-tube-140g-cap-bon\/","title":{"rendered":"Harissa tube 140g Cap Bon"},"content":{"rendered":"","protected":false},"excerpt":{"rendered":"<p>Ingr\u00e9dients<\/p>\n<p>Huile de tournesol* (77%), JAUNE D&rsquo;\u0152UF*, vinaigre*, eau, MOUTARDE de Dijon (3.5%)* (eau, graines de MOUTARDE*, vinaigre de cidre*, sel), sel, \u00e9paississants : gomme xanthane &#8211; farine de graines de guar, ar\u00f4me naturel de citron*. *Ingr\u00e9dients issus de l&rsquo;agirculture biologique.<br \/>\nLes ingr\u00e9dients renseign\u00e9s en majuscule attestent des allerg\u00e8nes pr\u00e9sents dans le ou les produits.<br \/>\nValeurs nutritionnelles<\/p>\n<p>Energie 2 991kj \/ 728kcal,<\/p>\n<p>Mati\u00e8res grasses 79g dont acides gras satur\u00e9s 8.8g,<\/p>\n<p>Glucides 1.5g dont sucres 1.0g,<\/p>\n<p>Prot\u00e9ines 1.3g,<\/p>\n<p>Sel 1.0g<br \/>\nInformations produits<\/p>\n<p>\u00c0 r\u00e9frig\u00e9rer apr\u00e8s ouverture et \u00e0 consommer dans un d\u00e9lai de 3 mois.<\/p>\n","protected":false},"featured_media":24053,"comment_status":"closed","ping_status":"closed","template":"","meta":[],"product_cat":[63,707,704],"product_tag":[],"supplier_id":23966,"supplier_sku":"","atum_controlled":true,"out_stock_date":null,"out_stock_threshold":null,"inheritable":false,"inbound_stock":0,"stock_on_hold":0,"sold_today":0,"sales_last_days":0,"out_stock_days":0,"lost_sales":0,"has_location":false,"update_date":"2026-05-04T22:30:05","atum_locations":[],"atum_stock_status":"onbackorder","restock_status":false,"low_stock_amount":2,"sales_update_date":"2026-05-04T22:30:05","calc_backorders":-14,"_links":{"self":[{"href":"https:\/\/www.epicerie-lasource.org\/magasin\/wp-json\/wp\/v2\/product\/24058"}],"collection":[{"href":"https:\/\/www.epicerie-lasource.org\/magasin\/wp-json\/wp\/v2\/product"}],"about":[{"href":"https:\/\/www.epicerie-lasource.org\/magasin\/wp-json\/wp\/v2\/types\/product"}],"replies":[{"embeddable":true,"href":"https:\/\/www.epicerie-lasource.org\/magasin\/wp-json\/wp\/v2\/comments?post=24058"}],"wp:featuredmedia":[{"embeddable":true,"href":"https:\/\/www.epicerie-lasource.org\/magasin\/wp-json\/wp\/v2\/media\/24053"}],"wp:attachment":[{"href":"https:\/\/www.epicerie-lasource.org\/magasin\/wp-json\/wp\/v2\/media?parent=24058"}],"wp:term":[{"taxonomy":"product_cat","embeddable":true,"href":"https:\/\/www.epicerie-lasource.org\/magasin\/wp-json\/wp\/v2\/product_cat?post=24058"},{"taxonomy":"product_tag","embeddable":true,"href":"https:\/\/www.epicerie-lasource.org\/magasin\/wp-json\/wp\/v2\/product_tag?post=24058"}],"curies":[{"name":"wp","href":"https:\/\/api.w.org\/{rel}","templated":true}]}}