{"id":2156,"date":"2019-11-21T20:20:12","date_gmt":"2019-11-21T19:20:12","guid":{"rendered":"https:\/\/www.epicerie-lasource.org\/magasin\/?post_type=product&#038;p=2156"},"modified":"2026-04-30T15:26:55","modified_gmt":"2026-04-30T13:26:55","slug":"les-quebecoises-75cl-5-5","status":"publish","type":"product","link":"https:\/\/www.epicerie-lasource.org\/magasin\/produit\/les-quebecoises-75cl-5-5\/","title":{"rendered":"Les Quebecoises Thiriez 75cl &#8211; 5.5%"},"content":{"rendered":"","protected":false},"excerpt":{"rendered":"<p>Les Qu\u00e9b\u00e9coises est un clin d&rsquo;oeil \u00e0 la belle province ch\u00e8re \u00e0 la famille Thiriez.<br \/>\nBrass\u00e9e depuis 1999, cette bi\u00e8re est douce et l\u00e9g\u00e8re en bouche.<\/p>\n<p>Brass\u00e9e avec du malt d&rsquo;orge et de bl\u00e9, elle pr\u00e9sente une fraicheur et des ar\u00f4mes retrouv\u00e9s habituellement dans les bi\u00e8res blanches : Go\u00fbt floral, acidul\u00e9, c\u00e9r\u00e9ales frais.<br \/>\nMod\u00e9r\u00e9ment houblonn\u00e9e et agr\u00e9ment\u00e9e de coriandre et d&rsquo;\u00e9corces d&rsquo;orange, elle est id\u00e9ales pour toutes celles et tous ceux qui veulent s&rsquo;initier aux saveurs des bi\u00e8res sp\u00e9ciales.<\/p>\n<p>Bouteille de 75cl<br \/>\nDegr\u00e9 d&rsquo;alcool : 5.5%<\/p>\n","protected":false},"featured_media":2157,"comment_status":"open","ping_status":"closed","template":"","meta":[],"product_cat":[22,474],"product_tag":[],"supplier_id":23770,"supplier_sku":"","atum_controlled":true,"out_stock_date":null,"out_stock_threshold":null,"inheritable":false,"inbound_stock":0,"stock_on_hold":0,"sold_today":0,"sales_last_days":1,"out_stock_days":0,"lost_sales":0,"has_location":false,"update_date":"2026-05-01T22:29:30","atum_locations":[],"atum_stock_status":"onbackorder","restock_status":false,"low_stock_amount":"","sales_update_date":"2026-05-01T22:29:30","calc_backorders":-72,"_links":{"self":[{"href":"https:\/\/www.epicerie-lasource.org\/magasin\/wp-json\/wp\/v2\/product\/2156"}],"collection":[{"href":"https:\/\/www.epicerie-lasource.org\/magasin\/wp-json\/wp\/v2\/product"}],"about":[{"href":"https:\/\/www.epicerie-lasource.org\/magasin\/wp-json\/wp\/v2\/types\/product"}],"replies":[{"embeddable":true,"href":"https:\/\/www.epicerie-lasource.org\/magasin\/wp-json\/wp\/v2\/comments?post=2156"}],"wp:featuredmedia":[{"embeddable":true,"href":"https:\/\/www.epicerie-lasource.org\/magasin\/wp-json\/wp\/v2\/media\/2157"}],"wp:attachment":[{"href":"https:\/\/www.epicerie-lasource.org\/magasin\/wp-json\/wp\/v2\/media?parent=2156"}],"wp:term":[{"taxonomy":"product_cat","embeddable":true,"href":"https:\/\/www.epicerie-lasource.org\/magasin\/wp-json\/wp\/v2\/product_cat?post=2156"},{"taxonomy":"product_tag","embeddable":true,"href":"https:\/\/www.epicerie-lasource.org\/magasin\/wp-json\/wp\/v2\/product_tag?post=2156"}],"curies":[{"name":"wp","href":"https:\/\/api.w.org\/{rel}","templated":true}]}}