{"id":2153,"date":"2019-11-21T20:08:36","date_gmt":"2019-11-21T19:08:36","guid":{"rendered":"https:\/\/www.epicerie-lasource.org\/magasin\/?post_type=product&#038;p=2153"},"modified":"2026-04-07T20:04:11","modified_gmt":"2026-04-07T18:04:11","slug":"la-maline-75cl-6-5","status":"publish","type":"product","link":"https:\/\/www.epicerie-lasource.org\/magasin\/produit\/la-maline-75cl-6-5\/","title":{"rendered":"La Maline Thiriez  75cl &#8211; 6.5%"},"content":{"rendered":"","protected":false},"excerpt":{"rendered":"<p>La Maline est une bi\u00e8re cr\u00e9\u00e9e pour No\u00ebl 2004.<br \/>\nCe n&rsquo;est que l&rsquo;ann\u00e9e suivante que nous lui avons trouv\u00e9 son nom.<\/p>\n<p>Suite \u00e0 un s\u00e9jour \u00e0 Charleville-M\u00e9zi\u00e9res, la ville d&rsquo;Arthur Rimbaud, nous l&rsquo;avons appel\u00e9e la Maline, en l&rsquo;honneur du po\u00e8me.<\/p>\n<p>De couleur noire, la Maline pr\u00e9sente des ar\u00f4mes grill\u00e9s et bois\u00e9s, des notes de chocolat noir, de r\u00e9glisse.<br \/>\nC&rsquo;est le malt torr\u00e9fi\u00e9 comme un grain de caf\u00e9 qui donne cette robe si particuli\u00e8re et qui contribue \u00e0 son go\u00fbt.<br \/>\nSans \u00eatre ni am\u00e8re ni sucr\u00e9e, et avec un taux d&rsquo;alcool mod\u00e9r\u00e9, la Maline est une bi\u00e8re \u00ab\u00a0Brune de Soif\u00a0\u00bb qui plait \u00e0 un public large.<\/p>\n<p>Bouteille de 75 cl<br \/>\nDegr\u00e9 d&rsquo;alcool : 6.5%<\/p>\n","protected":false},"featured_media":4745,"comment_status":"open","ping_status":"closed","template":"","meta":[],"product_cat":[22,474],"product_tag":[],"supplier_id":23770,"supplier_sku":"","atum_controlled":true,"out_stock_date":null,"out_stock_threshold":null,"inheritable":false,"inbound_stock":0,"stock_on_hold":0,"sold_today":0,"sales_last_days":1,"out_stock_days":0,"lost_sales":0,"has_location":false,"update_date":"2026-04-15T22:13:29","atum_locations":[],"atum_stock_status":"onbackorder","restock_status":false,"low_stock_amount":"","sales_update_date":"2026-04-15T22:13:29","calc_backorders":-7,"_links":{"self":[{"href":"https:\/\/www.epicerie-lasource.org\/magasin\/wp-json\/wp\/v2\/product\/2153"}],"collection":[{"href":"https:\/\/www.epicerie-lasource.org\/magasin\/wp-json\/wp\/v2\/product"}],"about":[{"href":"https:\/\/www.epicerie-lasource.org\/magasin\/wp-json\/wp\/v2\/types\/product"}],"replies":[{"embeddable":true,"href":"https:\/\/www.epicerie-lasource.org\/magasin\/wp-json\/wp\/v2\/comments?post=2153"}],"wp:featuredmedia":[{"embeddable":true,"href":"https:\/\/www.epicerie-lasource.org\/magasin\/wp-json\/wp\/v2\/media\/4745"}],"wp:attachment":[{"href":"https:\/\/www.epicerie-lasource.org\/magasin\/wp-json\/wp\/v2\/media?parent=2153"}],"wp:term":[{"taxonomy":"product_cat","embeddable":true,"href":"https:\/\/www.epicerie-lasource.org\/magasin\/wp-json\/wp\/v2\/product_cat?post=2153"},{"taxonomy":"product_tag","embeddable":true,"href":"https:\/\/www.epicerie-lasource.org\/magasin\/wp-json\/wp\/v2\/product_tag?post=2153"}],"curies":[{"name":"wp","href":"https:\/\/api.w.org\/{rel}","templated":true}]}}