{"id":2066,"date":"2019-11-19T23:32:34","date_gmt":"2019-11-19T22:32:34","guid":{"rendered":"https:\/\/www.epicerie-lasource.org\/magasin\/?post_type=product&#038;p=2066"},"modified":"2024-10-31T16:45:54","modified_gmt":"2024-10-31T15:45:54","slug":"pollen-sec-de-fleurs-250-grs","status":"publish","type":"product","link":"https:\/\/www.epicerie-lasource.org\/magasin\/produit\/pollen-sec-de-fleurs-250-grs\/","title":{"rendered":"Pollen sec de Fleurs 250 Grs"},"content":{"rendered":"","protected":false},"excerpt":{"rendered":"<p>Pollen sec de Fleurs.<br \/>\nEn pot de 250 Grs.<br \/>\nId\u00e9al en cure, soit brut, ou dans un verre de lait chaud ou ti\u00e8de.<br \/>\nLe Pollen de Fleurs poss\u00e8de de multiple vertus.<br \/>\nD\u00e9shydrat\u00e9, il b\u00e9n\u00e9ficie d&rsquo;une bonne conservation \u00e0 temp\u00e9rature ambiante.(Plusieurs mois)<\/p>\n<p>A<img loading=\"lazy\" decoding=\"async\" class=\"alignleft size-thumbnail wp-image-2059\" src=\"https:\/\/www.epicerie-lasource.org\/magasin\/wp-content\/uploads\/2019\/11\/logo-gpgr-100x100.png\" alt=\"\" width=\"100\" height=\"100\" \/>piculteur membre de la GRF<br \/>\n(Gel\u00e9e Royale Fran\u00e7aise)<\/p>\n","protected":false},"featured_media":25165,"comment_status":"open","ping_status":"closed","template":"","meta":[],"product_cat":[64,697],"product_tag":[],"supplier_id":24937,"supplier_sku":"","atum_controlled":true,"out_stock_date":null,"out_stock_threshold":null,"inheritable":false,"inbound_stock":0,"stock_on_hold":0,"sold_today":0,"sales_last_days":0,"out_stock_days":0,"lost_sales":0,"has_location":false,"update_date":"2026-05-01T22:28:43","atum_locations":[],"atum_stock_status":"onbackorder","restock_status":false,"low_stock_amount":"","sales_update_date":"2026-05-01T22:28:43","calc_backorders":-2,"_links":{"self":[{"href":"https:\/\/www.epicerie-lasource.org\/magasin\/wp-json\/wp\/v2\/product\/2066"}],"collection":[{"href":"https:\/\/www.epicerie-lasource.org\/magasin\/wp-json\/wp\/v2\/product"}],"about":[{"href":"https:\/\/www.epicerie-lasource.org\/magasin\/wp-json\/wp\/v2\/types\/product"}],"replies":[{"embeddable":true,"href":"https:\/\/www.epicerie-lasource.org\/magasin\/wp-json\/wp\/v2\/comments?post=2066"}],"wp:featuredmedia":[{"embeddable":true,"href":"https:\/\/www.epicerie-lasource.org\/magasin\/wp-json\/wp\/v2\/media\/25165"}],"wp:attachment":[{"href":"https:\/\/www.epicerie-lasource.org\/magasin\/wp-json\/wp\/v2\/media?parent=2066"}],"wp:term":[{"taxonomy":"product_cat","embeddable":true,"href":"https:\/\/www.epicerie-lasource.org\/magasin\/wp-json\/wp\/v2\/product_cat?post=2066"},{"taxonomy":"product_tag","embeddable":true,"href":"https:\/\/www.epicerie-lasource.org\/magasin\/wp-json\/wp\/v2\/product_tag?post=2066"}],"curies":[{"name":"wp","href":"https:\/\/api.w.org\/{rel}","templated":true}]}}

<p>Pollen sec de Fleurs.<br />
En pot de 250 Grs.<br />
Idéal en cure, soit brut, ou dans un verre de lait chaud ou tiède.<br />
Le Pollen de Fleurs possède de multiple vertus.<br />
Déshydraté, il bénéficie d&rsquo;une bonne conservation à température ambiante.(Plusieurs mois)</p>
<p>A<img loading="lazy" decoding="async" class="alignleft size-thumbnail wp-image-2059" src="https://www.epicerie-lasource.org/magasin/wp-content/uploads/2019/11/logo-gpgr-100x100.png" alt="" width="100" height="100" />piculteur membre de la GRF<br />
(Gelée Royale Française)</p>
