{"id":19308,"date":"2025-07-28T10:56:17","date_gmt":"2025-07-28T08:56:17","guid":{"rendered":"https:\/\/www.epicerie-lasource.org\/magasin\/?post_type=product&#038;p=19308"},"modified":"2025-12-10T19:33:58","modified_gmt":"2025-12-10T18:33:58","slug":"saute-de-porc-a-la-biere-380-gr","status":"publish","type":"product","link":"https:\/\/www.epicerie-lasource.org\/magasin\/produit\/saute-de-porc-a-la-biere-380-gr\/","title":{"rendered":"Saut\u00e9 de porc \u00e0 la flamande (Bocal de 250 gr)"},"content":{"rendered":"","protected":false},"excerpt":{"rendered":"<p>Saut\u00e9 de porc \u00e0 la flamande ( bi\u00e8re )<\/p>\n<p>Conserve fermi\u00e8re et\u00a0 locale de 250grs<\/p>\n","protected":false},"featured_media":56217,"comment_status":"closed","ping_status":"closed","template":"","meta":[],"product_cat":[652,220,708],"product_tag":[],"supplier_id":24356,"supplier_sku":"","atum_controlled":true,"out_stock_date":null,"out_stock_threshold":null,"inheritable":false,"inbound_stock":0,"stock_on_hold":0,"sold_today":0,"sales_last_days":0,"out_stock_days":0,"lost_sales":0,"has_location":false,"update_date":"2026-05-01T22:28:20","atum_locations":[],"atum_stock_status":"instock","restock_status":false,"low_stock_amount":"","sales_update_date":"2026-05-01T22:28:20","calc_backorders":0,"_links":{"self":[{"href":"https:\/\/www.epicerie-lasource.org\/magasin\/wp-json\/wp\/v2\/product\/19308"}],"collection":[{"href":"https:\/\/www.epicerie-lasource.org\/magasin\/wp-json\/wp\/v2\/product"}],"about":[{"href":"https:\/\/www.epicerie-lasource.org\/magasin\/wp-json\/wp\/v2\/types\/product"}],"replies":[{"embeddable":true,"href":"https:\/\/www.epicerie-lasource.org\/magasin\/wp-json\/wp\/v2\/comments?post=19308"}],"wp:featuredmedia":[{"embeddable":true,"href":"https:\/\/www.epicerie-lasource.org\/magasin\/wp-json\/wp\/v2\/media\/56217"}],"wp:attachment":[{"href":"https:\/\/www.epicerie-lasource.org\/magasin\/wp-json\/wp\/v2\/media?parent=19308"}],"wp:term":[{"taxonomy":"product_cat","embeddable":true,"href":"https:\/\/www.epicerie-lasource.org\/magasin\/wp-json\/wp\/v2\/product_cat?post=19308"},{"taxonomy":"product_tag","embeddable":true,"href":"https:\/\/www.epicerie-lasource.org\/magasin\/wp-json\/wp\/v2\/product_tag?post=19308"}],"curies":[{"name":"wp","href":"https:\/\/api.w.org\/{rel}","templated":true}]}}

Sauté de porc à la flamande (Bocal de 250 gr)

<p>Sauté de porc à la flamande ( bière )</p>
<p>Conserve fermière et  locale de 250grs</p>
