{"id":19015,"date":"2025-08-21T09:08:43","date_gmt":"2025-08-21T07:08:43","guid":{"rendered":"https:\/\/www.epicerie-lasource.org\/magasin\/?post_type=product&#038;p=19015"},"modified":"2026-01-10T12:40:23","modified_gmt":"2026-01-10T11:40:23","slug":"saumon-cru-marine-gravlax-24-ou-6-tranches","status":"publish","type":"product","link":"https:\/\/www.epicerie-lasource.org\/magasin\/produit\/saumon-cru-marine-gravlax-24-ou-6-tranches\/","title":{"rendered":"Saumon Cru Marin\u00e9 Gravlax  2,4 ou 6 Tranches"},"content":{"rendered":"","protected":false},"excerpt":{"rendered":"<p>Saumon Cru Marin\u00e9 Gravlax<br \/>\nTranch\u00e9 en 2, 4 ou 6 tranches.<\/p>\n<p>Le gravlax est une sp\u00e9cialit\u00e9 culinaire des cuisines traditionnelles nordiques, \u00e0 base de filets de saumon cru longuement marin\u00e9s, mac\u00e9r\u00e9s, et s\u00e9ch\u00e9s avec du sel, du sucre, du poivre et de l&rsquo;aneth.<\/p>\n","protected":false},"featured_media":19019,"comment_status":"closed","ping_status":"closed","template":"","meta":[],"product_cat":[449],"product_tag":[],"supplier_id":null,"supplier_sku":"","atum_controlled":true,"out_stock_date":null,"out_stock_threshold":null,"inheritable":false,"inbound_stock":0,"stock_on_hold":0,"sold_today":0,"sales_last_days":1,"out_stock_days":0,"lost_sales":0,"has_location":false,"update_date":"2026-05-07T15:11:30","atum_locations":[],"atum_stock_status":"instock","restock_status":false,"low_stock_amount":"","sales_update_date":"2026-05-05T22:31:11","calc_backorders":null,"_links":{"self":[{"href":"https:\/\/www.epicerie-lasource.org\/magasin\/wp-json\/wp\/v2\/product\/19015"}],"collection":[{"href":"https:\/\/www.epicerie-lasource.org\/magasin\/wp-json\/wp\/v2\/product"}],"about":[{"href":"https:\/\/www.epicerie-lasource.org\/magasin\/wp-json\/wp\/v2\/types\/product"}],"replies":[{"embeddable":true,"href":"https:\/\/www.epicerie-lasource.org\/magasin\/wp-json\/wp\/v2\/comments?post=19015"}],"wp:featuredmedia":[{"embeddable":true,"href":"https:\/\/www.epicerie-lasource.org\/magasin\/wp-json\/wp\/v2\/media\/19019"}],"wp:attachment":[{"href":"https:\/\/www.epicerie-lasource.org\/magasin\/wp-json\/wp\/v2\/media?parent=19015"}],"wp:term":[{"taxonomy":"product_cat","embeddable":true,"href":"https:\/\/www.epicerie-lasource.org\/magasin\/wp-json\/wp\/v2\/product_cat?post=19015"},{"taxonomy":"product_tag","embeddable":true,"href":"https:\/\/www.epicerie-lasource.org\/magasin\/wp-json\/wp\/v2\/product_tag?post=19015"}],"curies":[{"name":"wp","href":"https:\/\/api.w.org\/{rel}","templated":true}]}}