{"id":19013,"date":"2025-08-21T09:08:43","date_gmt":"2025-08-21T07:08:43","guid":{"rendered":"https:\/\/www.epicerie-lasource.org\/magasin\/?post_type=product&#038;p=19013"},"modified":"2026-01-10T12:40:33","modified_gmt":"2026-01-10T11:40:33","slug":"saumon-cru-marine-gravlax-entier-pretranche-1kg-env","status":"publish","type":"product","link":"https:\/\/www.epicerie-lasource.org\/magasin\/produit\/saumon-cru-marine-gravlax-entier-pretranche-1kg-env\/","title":{"rendered":"Saumon Cru Marin\u00e9 Gravlax Entier pr\u00e9tranch\u00e9 1kg env."},"content":{"rendered":"","protected":false},"excerpt":{"rendered":"<p>Saumon Cru Marin\u00e9 Gravlax entier.<br \/>\nPr\u00e9tranch\u00e9 1 kg Env.<\/p>\n<p>Le gravlax est une sp\u00e9cialit\u00e9 culinaire des cuisines traditionnelles nordiques, \u00e0 base de filets de saumon cru longuement marin\u00e9s, mac\u00e9r\u00e9s, et s\u00e9ch\u00e9s avec du sel, du sucre, du poivre et de l&rsquo;aneth.<\/p>\n","protected":false},"featured_media":19014,"comment_status":"closed","ping_status":"closed","template":"","meta":[],"product_cat":[449],"product_tag":[],"supplier_id":null,"supplier_sku":"","atum_controlled":false,"out_stock_date":null,"out_stock_threshold":null,"inheritable":false,"inbound_stock":0,"stock_on_hold":0,"sold_today":0,"sales_last_days":0,"out_stock_days":0,"lost_sales":0,"has_location":false,"update_date":"2026-04-28T22:23:08","atum_locations":[],"atum_stock_status":"instock","restock_status":false,"low_stock_amount":"","sales_update_date":"2026-04-28T22:23:08","calc_backorders":null,"_links":{"self":[{"href":"https:\/\/www.epicerie-lasource.org\/magasin\/wp-json\/wp\/v2\/product\/19013"}],"collection":[{"href":"https:\/\/www.epicerie-lasource.org\/magasin\/wp-json\/wp\/v2\/product"}],"about":[{"href":"https:\/\/www.epicerie-lasource.org\/magasin\/wp-json\/wp\/v2\/types\/product"}],"replies":[{"embeddable":true,"href":"https:\/\/www.epicerie-lasource.org\/magasin\/wp-json\/wp\/v2\/comments?post=19013"}],"wp:featuredmedia":[{"embeddable":true,"href":"https:\/\/www.epicerie-lasource.org\/magasin\/wp-json\/wp\/v2\/media\/19014"}],"wp:attachment":[{"href":"https:\/\/www.epicerie-lasource.org\/magasin\/wp-json\/wp\/v2\/media?parent=19013"}],"wp:term":[{"taxonomy":"product_cat","embeddable":true,"href":"https:\/\/www.epicerie-lasource.org\/magasin\/wp-json\/wp\/v2\/product_cat?post=19013"},{"taxonomy":"product_tag","embeddable":true,"href":"https:\/\/www.epicerie-lasource.org\/magasin\/wp-json\/wp\/v2\/product_tag?post=19013"}],"curies":[{"name":"wp","href":"https:\/\/api.w.org\/{rel}","templated":true}]}}