{"id":18980,"date":"2025-08-21T09:08:45","date_gmt":"2025-08-21T07:08:45","guid":{"rendered":"https:\/\/www.epicerie-lasource.org\/magasin\/?post_type=product&#038;p=18980"},"modified":"2026-01-10T12:36:45","modified_gmt":"2026-01-10T11:36:45","slug":"saumon-fume-maelstrom-en-tranches-aux-choix","status":"publish","type":"product","link":"https:\/\/www.epicerie-lasource.org\/magasin\/produit\/saumon-fume-maelstrom-en-tranches-aux-choix\/","title":{"rendered":"Saumon Fum\u00e9 Maelstrom en tranches 4 ou 6 Tranches"},"content":{"rendered":"","protected":false},"excerpt":{"rendered":"<p><span class=\"d2edcug0 hpfvmrgz qv66sw1b c1et5uql lr9zc1uh a8c37x1j keod5gw0 nxhoafnm aigsh9s9 d3f4x2em fe6kdd0r mau55g9w c8b282yb iv3no6db jq4qci2q a3bd9o3v knj5qynh oo9gr5id\" dir=\"auto\">Saumon en 4 ou 6 tranches.!<br \/>\n4 tranches = Env. 250 Grs<br \/>\n6 tranches = Env. 450 Grs<br \/>\n<\/span><\/p>\n<p>Le saumon du cercle Arctique<\/p>\n<p>Un saumon qui respecte l&rsquo;environnement et le consommateur.<br \/>\nUne densit\u00e9 d&rsquo;\u00e9levage maitris\u00e9e, gage d&rsquo;excellence: 97.5% d&rsquo;eau, 2.5% de saumon.<br \/>\nUne alimentation stricte et contr\u00f4l\u00e9e sans OGM, sans hormone. de croissance et antibiotiques, sans prot\u00e9ines animales terrestres.<\/p>\n","protected":false},"featured_media":18982,"comment_status":"closed","ping_status":"closed","template":"","meta":[],"product_cat":[449],"product_tag":[],"supplier_id":null,"supplier_sku":"","atum_controlled":true,"out_stock_date":null,"out_stock_threshold":null,"inheritable":true,"inbound_stock":0,"stock_on_hold":0,"sold_today":0,"sales_last_days":2,"out_stock_days":0,"lost_sales":0,"has_location":false,"update_date":"2026-05-07T22:30:00","atum_locations":[],"atum_stock_status":"instock","restock_status":false,"low_stock_amount":"","sales_update_date":"2026-05-07T22:30:00","calc_backorders":null,"_links":{"self":[{"href":"https:\/\/www.epicerie-lasource.org\/magasin\/wp-json\/wp\/v2\/product\/18980"}],"collection":[{"href":"https:\/\/www.epicerie-lasource.org\/magasin\/wp-json\/wp\/v2\/product"}],"about":[{"href":"https:\/\/www.epicerie-lasource.org\/magasin\/wp-json\/wp\/v2\/types\/product"}],"replies":[{"embeddable":true,"href":"https:\/\/www.epicerie-lasource.org\/magasin\/wp-json\/wp\/v2\/comments?post=18980"}],"wp:featuredmedia":[{"embeddable":true,"href":"https:\/\/www.epicerie-lasource.org\/magasin\/wp-json\/wp\/v2\/media\/18982"}],"wp:attachment":[{"href":"https:\/\/www.epicerie-lasource.org\/magasin\/wp-json\/wp\/v2\/media?parent=18980"}],"wp:term":[{"taxonomy":"product_cat","embeddable":true,"href":"https:\/\/www.epicerie-lasource.org\/magasin\/wp-json\/wp\/v2\/product_cat?post=18980"},{"taxonomy":"product_tag","embeddable":true,"href":"https:\/\/www.epicerie-lasource.org\/magasin\/wp-json\/wp\/v2\/product_tag?post=18980"}],"curies":[{"name":"wp","href":"https:\/\/api.w.org\/{rel}","templated":true}]}}