{"id":15854,"date":"2021-03-18T18:13:08","date_gmt":"2021-03-18T17:13:08","guid":{"rendered":"https:\/\/www.epicerie-lasource.org\/magasin\/?post_type=product&#038;p=15854"},"modified":"2026-04-26T11:40:23","modified_gmt":"2026-04-26T09:40:23","slug":"amandes-decortiquees-markal-vrac","status":"publish","type":"product","link":"https:\/\/www.epicerie-lasource.org\/magasin\/produit\/amandes-decortiquees-markal-vrac\/","title":{"rendered":"Vrac- Amandes natures Bio &#8211; Kasana"},"content":{"rendered":"","protected":false},"excerpt":{"rendered":"<p>Amandes d\u00e9cortiqu\u00e9es issue de l&rsquo;agriculture biologique. Id\u00e9ales pour l&rsquo;ap\u00e9ritif, en encas, dessert ou pr\u00e9parations culinaires.<\/p>\n<p><strong>Allerg\u00e8nes :\u00a0Peut contenir des traces d&rsquo;arachides, lait, gluten, s\u00e9same, soja, moutarde, fruits \u00e0 coques et lupin.<\/strong><\/p>\n","protected":false},"featured_media":25106,"comment_status":"closed","ping_status":"closed","template":"","meta":[],"product_cat":[715,63,705,64,692],"product_tag":[],"supplier_id":null,"supplier_sku":"","atum_controlled":true,"out_stock_date":null,"out_stock_threshold":null,"inheritable":true,"inbound_stock":0,"stock_on_hold":0,"sold_today":0,"sales_last_days":11.62,"out_stock_days":0,"lost_sales":0,"has_location":false,"update_date":"2026-04-30T22:29:02","atum_locations":[],"atum_stock_status":"onbackorder","restock_status":false,"low_stock_amount":"","sales_update_date":"2026-04-23T22:18:18","calc_backorders":null,"_links":{"self":[{"href":"https:\/\/www.epicerie-lasource.org\/magasin\/wp-json\/wp\/v2\/product\/15854"}],"collection":[{"href":"https:\/\/www.epicerie-lasource.org\/magasin\/wp-json\/wp\/v2\/product"}],"about":[{"href":"https:\/\/www.epicerie-lasource.org\/magasin\/wp-json\/wp\/v2\/types\/product"}],"replies":[{"embeddable":true,"href":"https:\/\/www.epicerie-lasource.org\/magasin\/wp-json\/wp\/v2\/comments?post=15854"}],"wp:featuredmedia":[{"embeddable":true,"href":"https:\/\/www.epicerie-lasource.org\/magasin\/wp-json\/wp\/v2\/media\/25106"}],"wp:attachment":[{"href":"https:\/\/www.epicerie-lasource.org\/magasin\/wp-json\/wp\/v2\/media?parent=15854"}],"wp:term":[{"taxonomy":"product_cat","embeddable":true,"href":"https:\/\/www.epicerie-lasource.org\/magasin\/wp-json\/wp\/v2\/product_cat?post=15854"},{"taxonomy":"product_tag","embeddable":true,"href":"https:\/\/www.epicerie-lasource.org\/magasin\/wp-json\/wp\/v2\/product_tag?post=15854"}],"curies":[{"name":"wp","href":"https:\/\/api.w.org\/{rel}","templated":true}]}}

<p>Amandes décortiquées issue de l&rsquo;agriculture biologique. Idéales pour l&rsquo;apéritif, en encas, dessert ou préparations culinaires.</p>
<p><strong>Allergènes : Peut contenir des traces d&rsquo;arachides, lait, gluten, sésame, soja, moutarde, fruits à coques et lupin.</strong></p>
