{"id":13172,"date":"2020-11-18T14:51:12","date_gmt":"2020-11-18T13:51:12","guid":{"rendered":"https:\/\/www.epicerie-lasource.org\/magasin\/?post_type=product&#038;p=13172"},"modified":"2026-04-17T19:57:14","modified_gmt":"2026-04-17T17:57:14","slug":"cereales-petit-dejeuner-muesli-croustillant-aux-fruits-bio-vrac-au-choix","status":"publish","type":"product","link":"https:\/\/www.epicerie-lasource.org\/magasin\/produit\/cereales-petit-dejeuner-muesli-croustillant-aux-fruits-bio-vrac-au-choix\/","title":{"rendered":"Vrac- C\u00e9r\u00e9ales Muesli croustillant aux fruits Bio"},"content":{"rendered":"","protected":false},"excerpt":{"rendered":"<p>C\u00e9r\u00e9ales Petit d\u00e9jeuner Muesli croustillant aux fruits BIO VRAC au choix<\/p>\n<p>Ce savoureux m\u00e9lange de flocons d\u2019avoine et de bl\u00e9, associ\u00e9 \u00e0 de d\u00e9licieux fruits secs (raisin, noix de coco, abricot et pomme).<\/p>\n<p>Caract\u00e9ristiques:<\/p>\n<p>Ingr\u00e9dients: C\u00e9r\u00e9ales compl\u00e8tes* (flocons d&rsquo;<span class=\"underline\">avoine<\/span>*, flocons de\u00a0<span class=\"underline\">bl\u00e9<\/span>*), flocons d\u2019<span class=\"underline\">orge<\/span>*, raisins Sultanine*(raisins Sultanine*, huile de tournesol*, huile de coton*), lamelles de noix de coco toast\u00e9e*, lamelles de banane* ( banane*, huile de noix de coco*, sucre*, miel*), abricots s\u00e9ch\u00e9s* (abricots*, farine de riz*), sucre*, huile de tournesol*, riz souffl\u00e9* (semoule de riz*, farine de\u00a0<span class=\"underline\">bl\u00e9<\/span>*, sucre*, malt d\u2019<span class=\"underline\">orge<\/span>*), noix de coco r\u00e2p\u00e9e*, sirop de glucose*, farine de\u00a0<span class=\"underline\">bl\u00e9<\/span>*, semoule de riz*, sirop de caramel*, amidon de\u00a0<span class=\"underline\">bl\u00e9<\/span>*, miel*, malt d\u2019<span class=\"underline\">orge<\/span>*, gluten de\u00a0<span class=\"underline\">bl\u00e9<\/span>*, ar\u00f4me naturel de vanille*, antioxydant : extrait riche en tocoph\u00e9rols. *Issus de l\u2019agriculture biologique<\/p>\n<p>Valeurs nutritionnelles (pour 100g)<br \/>\nValeur Energ\u00e9tique 434 kcal \/ 1824 kJ<br \/>\nMati\u00e8res grasses 13,8 g<br \/>\ndont acides gras satur\u00e9s 5,0 g<br \/>\nGlucides 65,4 g<br \/>\ndont sucres 26,7 g<br \/>\nFibres alimentaires 7,3 g<br \/>\nProt\u00e9ines 8,4 g<br \/>\nSel 0,017 g<\/p>\n","protected":false},"featured_media":24986,"comment_status":"closed","ping_status":"closed","template":"","meta":[],"product_cat":[715,64,695],"product_tag":[],"supplier_id":null,"supplier_sku":"","atum_controlled":true,"out_stock_date":null,"out_stock_threshold":null,"inheritable":true,"inbound_stock":0,"stock_on_hold":0,"sold_today":0,"sales_last_days":0.265,"out_stock_days":0,"lost_sales":0,"has_location":false,"update_date":"2026-04-28T22:23:07","atum_locations":[],"atum_stock_status":"onbackorder","restock_status":false,"low_stock_amount":1,"sales_update_date":"2026-04-28T22:23:07","calc_backorders":-6.508,"_links":{"self":[{"href":"https:\/\/www.epicerie-lasource.org\/magasin\/wp-json\/wp\/v2\/product\/13172"}],"collection":[{"href":"https:\/\/www.epicerie-lasource.org\/magasin\/wp-json\/wp\/v2\/product"}],"about":[{"href":"https:\/\/www.epicerie-lasource.org\/magasin\/wp-json\/wp\/v2\/types\/product"}],"replies":[{"embeddable":true,"href":"https:\/\/www.epicerie-lasource.org\/magasin\/wp-json\/wp\/v2\/comments?post=13172"}],"wp:featuredmedia":[{"embeddable":true,"href":"https:\/\/www.epicerie-lasource.org\/magasin\/wp-json\/wp\/v2\/media\/24986"}],"wp:attachment":[{"href":"https:\/\/www.epicerie-lasource.org\/magasin\/wp-json\/wp\/v2\/media?parent=13172"}],"wp:term":[{"taxonomy":"product_cat","embeddable":true,"href":"https:\/\/www.epicerie-lasource.org\/magasin\/wp-json\/wp\/v2\/product_cat?post=13172"},{"taxonomy":"product_tag","embeddable":true,"href":"https:\/\/www.epicerie-lasource.org\/magasin\/wp-json\/wp\/v2\/product_tag?post=13172"}],"curies":[{"name":"wp","href":"https:\/\/api.w.org\/{rel}","templated":true}]}}

Vrac- Céréales Muesli croustillant aux fruits Bio

<p>Céréales Petit déjeuner Muesli croustillant aux fruits BIO VRAC au choix</p>
<p>Ce savoureux mélange de flocons d’avoine et de blé, associé à de délicieux fruits secs (raisin, noix de coco, abricot et pomme).</p>
<p>Caractéristiques:</p>
<p>Ingrédients: Céréales complètes* (flocons d&rsquo;<span class="underline">avoine</span>*, flocons de <span class="underline">blé</span>*), flocons d’<span class="underline">orge</span>*, raisins Sultanine*(raisins Sultanine*, huile de tournesol*, huile de coton*), lamelles de noix de coco toastée*, lamelles de banane* ( banane*, huile de noix de coco*, sucre*, miel*), abricots séchés* (abricots*, farine de riz*), sucre*, huile de tournesol*, riz soufflé* (semoule de riz*, farine de <span class="underline">blé</span>*, sucre*, malt d’<span class="underline">orge</span>*), noix de coco râpée*, sirop de glucose*, farine de <span class="underline">blé</span>*, semoule de riz*, sirop de caramel*, amidon de <span class="underline">blé</span>*, miel*, malt d’<span class="underline">orge</span>*, gluten de <span class="underline">blé</span>*, arôme naturel de vanille*, antioxydant : extrait riche en tocophérols. *Issus de l’agriculture biologique</p>
<p>Valeurs nutritionnelles (pour 100g)<br />
Valeur Energétique 434 kcal / 1824 kJ<br />
Matières grasses 13,8 g<br />
dont acides gras saturés 5,0 g<br />
Glucides 65,4 g<br />
dont sucres 26,7 g<br />
Fibres alimentaires 7,3 g<br />
Protéines 8,4 g<br />
Sel 0,017 g</p>
